{"id":105,"date":"2016-02-22T13:45:44","date_gmt":"2016-02-22T12:45:44","guid":{"rendered":"https:\/\/akademiafarmaceuty.edu.pl\/?page_id=105"},"modified":"2017-01-05T11:17:26","modified_gmt":"2017-01-05T10:17:26","slug":"program-ramowy","status":"publish","type":"page","link":"https:\/\/akademiafarmaceuty.edu.pl\/2016\/program-ramowy\/","title":{"rendered":"Program ramowy"},"content":{"rendered":"<p><em>Program ramowy \u2013 pomi\u0119dzy poszczeg\u00f3lnymi miastami mog\u0105 wyst\u0119powa\u0107 drobne r\u00f3\u017cnice. <a href=\"https:\/\/akademiafarmaceuty.edu.pl\/2016\/terminy-i-miejsca-kursow\/\">Szczeg\u00f3\u0142owe programy s\u0105 publikowane\u00a0w tre\u015bci zaprosze\u0144.<\/a><\/em><\/p>\n<ul>\n<li><b>Rejestracja uczestnik\u00f3w<\/b><\/li>\n<li><b>Posiedzenie naukowo-szkoleniowe\u00a0<\/b>\n<ul>\n<li>Innowacyjne sk\u0142adniki aktywne w preparatach przeciwdzia\u0142aj\u0105cych wypadaniu w\u0142os\u00f3w.<\/li>\n<li>Zapewnienie jako\u015bci dla produkt\u00f3w leczniczych i suplement\u00f3w diety \u2013 w aspekcie opieki farmaceutycznej. Procesy technologiczne sta\u0142ych, doustnych form produkt\u00f3w leczniczych<\/li>\n<\/ul>\n<\/li>\n<li><b><\/b><b>Kurs 1.42. Proces decyzyjny w opiece farmaceutycznej \u2013 podejmowanie decyzji terapeutycznych i analiza ich konsekwencji<\/b>\n<ul>\n<li>Podstawowy kurs opieki farmaceutycznej<\/li>\n<li>Jednoczesna terapia wielu chor\u00f3b i politerapia. Monitorowanie dzia\u0142a\u0144 niepo\u017c\u0105danych i ocena skuteczno\u015bci terapii<\/li>\n<li><b>Om\u00f3wienie i analiza wybranych jednostek chorobowych na przyk\u0142adzie symulacji wirtualnych pacjent\u00f3w:<\/b>\n<ul>\n<li>Infekcje g\u00f3rnych dr\u00f3g oddechowych \u2013 choroby przezi\u0119bieniowe<\/li>\n<li>Choroby uk\u0142adu pokarmowego<\/li>\n<li>Stres i niedobory magnezu<\/li>\n<li>Choroby alergiczne (punkt widzenia dermatologa)<\/li>\n<li>Choroby alergiczne (punkt widzenia alergologa)<\/li>\n<li>Wykrywanie, analiza i rozwi\u0105zywanie problem\u00f3w lekowych dla przypadk\u00f3w wirtualnych pacjent\u00f3w<\/li>\n<\/ul>\n<\/li>\n<li>Pacjent w aptece<\/li>\n<\/ul>\n<\/li>\n<li><b>Dyskusja, podsumowanie, zako\u0144czenie kursu szkoleniowego, test sprawdzaj\u0105cy zdobyt\u0105 wiedz\u0119<\/b><\/li>\n<\/ul>\n","protected":false},"excerpt":{"rendered":"<p>Program ramowy \u2013 pomi\u0119dzy poszczeg\u00f3lnymi miastami mog\u0105 wyst\u0119powa\u0107 drobne r\u00f3\u017cnice. Szczeg\u00f3\u0142owe programy s\u0105 publikowane\u00a0w tre\u015bci zaprosze\u0144. Rejestracja uczestnik\u00f3w Posiedzenie naukowo-szkoleniowe\u00a0 Innowacyjne sk\u0142adniki aktywne w preparatach przeciwdzia\u0142aj\u0105cych wypadaniu w\u0142os\u00f3w. Zapewnienie jako\u015bci dla produkt\u00f3w leczniczych i suplement\u00f3w diety \u2013 w aspekcie opieki &hellip; <a href=\"https:\/\/akademiafarmaceuty.edu.pl\/2016\/program-ramowy\/\">Continued<\/a><\/p>\n","protected":false},"author":1,"featured_media":0,"parent":0,"menu_order":0,"comment_status":"closed","ping_status":"closed","template":"","meta":[],"_links":{"self":[{"href":"https:\/\/akademiafarmaceuty.edu.pl\/2016\/wp-json\/wp\/v2\/pages\/105"}],"collection":[{"href":"https:\/\/akademiafarmaceuty.edu.pl\/2016\/wp-json\/wp\/v2\/pages"}],"about":[{"href":"https:\/\/akademiafarmaceuty.edu.pl\/2016\/wp-json\/wp\/v2\/types\/page"}],"author":[{"embeddable":true,"href":"https:\/\/akademiafarmaceuty.edu.pl\/2016\/wp-json\/wp\/v2\/users\/1"}],"replies":[{"embeddable":true,"href":"https:\/\/akademiafarmaceuty.edu.pl\/2016\/wp-json\/wp\/v2\/comments?post=105"}],"version-history":[{"count":5,"href":"https:\/\/akademiafarmaceuty.edu.pl\/2016\/wp-json\/wp\/v2\/pages\/105\/revisions"}],"predecessor-version":[{"id":2420,"href":"https:\/\/akademiafarmaceuty.edu.pl\/2016\/wp-json\/wp\/v2\/pages\/105\/revisions\/2420"}],"wp:attachment":[{"href":"https:\/\/akademiafarmaceuty.edu.pl\/2016\/wp-json\/wp\/v2\/media?parent=105"}],"curies":[{"name":"wp","href":"https:\/\/api.w.org\/{rel}","templated":true}]}}

<p><em>Program ramowy – pomiędzy poszczególnymi miastami mogą występować drobne różnice. <a href="https://akademiafarmaceuty.edu.pl/2016/terminy-i-miejsca-kursow/">Szczegółowe programy są publikowane w treści zaproszeń.</a></em></p>
<ul>
<li><b>Rejestracja uczestników</b></li>
<li><b>Posiedzenie naukowo-szkoleniowe </b>
<ul>
<li>Innowacyjne składniki aktywne w preparatach przeciwdziałających wypadaniu włosów.</li>
<li>Zapewnienie jakości dla produktów leczniczych i suplementów diety – w aspekcie opieki farmaceutycznej. Procesy technologiczne stałych, doustnych form produktów leczniczych</li>
</ul>
</li>
<li><b></b><b>Kurs 1.42. Proces decyzyjny w opiece farmaceutycznej – podejmowanie decyzji terapeutycznych i analiza ich konsekwencji</b>
<ul>
<li>Podstawowy kurs opieki farmaceutycznej</li>
<li>Jednoczesna terapia wielu chorób i politerapia. Monitorowanie działań niepożądanych i ocena skuteczności terapii</li>
<li><b>Omówienie i analiza wybranych jednostek chorobowych na przykładzie symulacji wirtualnych pacjentów:</b>
<ul>
<li>Infekcje górnych dróg oddechowych – choroby przeziębieniowe</li>
<li>Choroby układu pokarmowego</li>
<li>Stres i niedobory magnezu</li>
<li>Choroby alergiczne (punkt widzenia dermatologa)</li>
<li>Choroby alergiczne (punkt widzenia alergologa)</li>
<li>Wykrywanie, analiza i rozwiązywanie problemów lekowych dla przypadków wirtualnych pacjentów</li>
</ul>
</li>
<li>Pacjent w aptece</li>
</ul>
</li>
<li><b>Dyskusja, podsumowanie, zakończenie kursu szkoleniowego, test sprawdzający zdobytą wiedzę</b></li>
</ul>

<p>Program ramowy – pomiędzy poszczególnymi miastami mogą występować drobne różnice. Szczegółowe programy są publikowane w treści zaproszeń. Rejestracja uczestników Posiedzenie naukowo-szkoleniowe  Innowacyjne składniki aktywne w preparatach przeciwdziałających wypadaniu włosów. Zapewnienie jakości dla produktów leczniczych i suplementów diety – w aspekcie opieki &hellip; <a href="https://akademiafarmaceuty.edu.pl/2016/program-ramowy/">Continued</a></p>
