{"id":38,"date":"2016-02-19T16:55:58","date_gmt":"2016-02-19T15:55:58","guid":{"rendered":"https:\/\/akademiafarmaceuty.edu.pl\/?page_id=38"},"modified":"2017-01-05T11:16:01","modified_gmt":"2017-01-05T10:16:01","slug":"terminy-i-miejsca-kursow","status":"publish","type":"page","link":"https:\/\/akademiafarmaceuty.edu.pl\/2016\/terminy-i-miejsca-kursow\/","title":{"rendered":"Terminy kurs\u00f3w"},"content":{"rendered":"<div class=\"table-responsive\"><table  style=\"width:100%; \"  class=\"easy-table easy-table-default \" border=\"0\">\n<thead>\r\n<tr><th >Lp<\/th>\n<th >Data<\/th>\n<th >Miasto<\/th>\n<th >Zaproszenie<\/th>\n<\/tr>\n<\/thead>\n<tbody>\r\n<tr><td >1<\/td>\n<td >28.02.2016 (niedziela)<\/td>\n<td ><strong>KRAK\u00d3W<\/strong><\/td>\n<td ><a href=\"https:\/\/www.akademiafarmaceuty.edu.pl\/2016\/wp-content\/uploads\/2016\/02\/F2016-zaproszenie_Krakow.pdf\" target=\"_blank\">Pobierz zaproszenie<\/a><\/td>\n<\/tr>\n\r\n<tr><td >2<\/td>\n<td >06.03.2016 (niedziela)<\/td>\n<td ><strong>RZESZ\u00d3W<\/strong><\/td>\n<td ><a href=\"https:\/\/www.akademiafarmaceuty.edu.pl\/2016\/wp-content\/uploads\/2016\/02\/F2016-zaproszenie_Rzeszow.pdf\" target=\"_blank\">Pobierz zaproszenie<\/a><\/td>\n<\/tr>\n\r\n<tr><td >3<\/td>\n<td >09.04.2016 (sobota)<\/td>\n<td ><strong>\u0141\u00d3D\u0179<\/strong><\/td>\n<td ><a href=\"https:\/\/www.akademiafarmaceuty.edu.pl\/2016\/wp-content\/uploads\/2016\/03\/F2016-zaproszenie_Lodz.pdf\" target=\"_blank\">Pobierz zaproszenie<\/a><\/td>\n<\/tr>\n\r\n<tr><td >4<\/td>\n<td >17.04.2016 (niedziela)<\/td>\n<td ><strong>GORZ\u00d3W WIELKOPOLSKI<\/strong><\/td>\n<td ><a href=\"https:\/\/www.akademiafarmaceuty.edu.pl\/2016\/wp-content\/uploads\/2016\/03\/F2016-zaproszenie_Gorzow.pdf\" target=\"_blank\">Pobierz zaproszenie<\/a><\/td>\n<\/tr>\n\r\n<tr><td >5<\/td>\n<td >15.05.2016 (niedziela)<\/td>\n<td ><strong>WROC\u0141AW<\/strong><\/td>\n<td ><a href=\"https:\/\/www.akademiafarmaceuty.edu.pl\/2016\/wp-content\/uploads\/2016\/04\/F2016-zaproszenie_Wroclaw.pdf\" target=\"_blank\">Pobierz zaproszenie<\/a><\/td>\n<\/tr>\n\r\n<tr><td >6<\/td>\n<td >22.05.2016 (niedziela)<\/td>\n<td ><strong>GDA\u0143SK<\/strong><\/td>\n<td ><a href=\"https:\/\/www.akademiafarmaceuty.edu.pl\/2016\/wp-content\/uploads\/2016\/04\/F2016-zaproszenie_Gdansk.pdf\" target=\"_blank\">Pobierz zaproszenie<\/a><\/td>\n<\/tr>\n\r\n<tr><td >7<\/td>\n<td >12.06.2016 (niedziela)<\/td>\n<td ><strong>WARSZAWA<\/strong><\/td>\n<td ><a href=\"https:\/\/www.akademiafarmaceuty.edu.pl\/2016\/wp-content\/uploads\/2016\/05\/F2016-zaproszenie_Warszawa.pdf\" target=\"_blank\">Pobierz zaproszenie<\/a><\/td>\n<\/tr>\n\r\n<tr><td >8<\/td>\n<td >10.09.2016 (sobota)<\/td>\n<td ><strong>KIELCE<\/strong><\/td>\n<td ><a href=\"https:\/\/www.akademiafarmaceuty.edu.pl\/2016\/wp-content\/uploads\/2016\/08\/F2016-zaproszenie_Kielce_201609.pdf\" target=\"_blank\">Pobierz zaproszenie<\/a><\/td>\n<\/tr>\n\r\n<tr><td >9<\/td>\n<td >25.09.2016 (niedziela)<\/td>\n<td ><strong>POZNA\u0143<\/strong><\/td>\n<td ><a href=\"https:\/\/www.akademiafarmaceuty.edu.pl\/2016\/wp-content\/uploads\/2016\/08\/F2016-zaproszenie_Poznan_201609.pdf\" target=\"_blank\">Pobierz zaproszenie<\/a><\/td>\n<\/tr>\n\r\n<tr><td >10<\/td>\n<td >02.10.2016 (niedziela)<\/td>\n<td ><strong>LUBLIN<\/strong><\/td>\n<td ><a href=\"https:\/\/www.akademiafarmaceuty.edu.pl\/2016\/wp-content\/uploads\/2016\/09\/F2016jesien-zaproszenie_Lublin.pdf\" target=\"_blank\">Pobierz zaproszenie<\/a><\/td>\n<\/tr>\n\r\n<tr><td >11<\/td>\n<td >09.10.2016 (niedziela)<\/td>\n<td ><strong>TORU\u0143<\/strong><\/td>\n<td ><a href=\"https:\/\/www.akademiafarmaceuty.edu.pl\/2016\/wp-content\/uploads\/2016\/08\/F2016jesien-zaproszenie_Torun.pdf\" target=\"_blank\">Pobierz zaproszenie<\/a><\/td>\n<\/tr>\n\r\n<tr><td >12<\/td>\n<td >16.10.2016 (niedziela)<\/td>\n<td ><strong>KATOWICE<\/strong><\/td>\n<td ><a href=\"https:\/\/www.akademiafarmaceuty.edu.pl\/2016\/wp-content\/uploads\/2016\/09\/F2016jesien-zaproszenie_Katowice.pdf\" target=\"_blank\">Pobierz zaproszenie<\/a><\/td>\n<\/tr>\n\r\n<tr><td >13<\/td>\n<td >23.10.2016 (niedziela)<\/td>\n<td ><strong>BIA\u0141YSTOK<\/strong><\/td>\n<td ><a href=\"https:\/\/www.akademiafarmaceuty.edu.pl\/2016\/wp-content\/uploads\/2016\/08\/F2016jesien-zaproszenie_Bialystok.pdf\" target=\"_blank\">Pobierz zaproszenie<\/a><\/td>\n<\/tr>\n<\/tbody><\/table><\/div>\n","protected":false},"excerpt":{"rendered":"","protected":false},"author":1,"featured_media":0,"parent":0,"menu_order":0,"comment_status":"closed","ping_status":"closed","template":"","meta":[],"_links":{"self":[{"href":"https:\/\/akademiafarmaceuty.edu.pl\/2016\/wp-json\/wp\/v2\/pages\/38"}],"collection":[{"href":"https:\/\/akademiafarmaceuty.edu.pl\/2016\/wp-json\/wp\/v2\/pages"}],"about":[{"href":"https:\/\/akademiafarmaceuty.edu.pl\/2016\/wp-json\/wp\/v2\/types\/page"}],"author":[{"embeddable":true,"href":"https:\/\/akademiafarmaceuty.edu.pl\/2016\/wp-json\/wp\/v2\/users\/1"}],"replies":[{"embeddable":true,"href":"https:\/\/akademiafarmaceuty.edu.pl\/2016\/wp-json\/wp\/v2\/comments?post=38"}],"version-history":[{"count":52,"href":"https:\/\/akademiafarmaceuty.edu.pl\/2016\/wp-json\/wp\/v2\/pages\/38\/revisions"}],"predecessor-version":[{"id":2419,"href":"https:\/\/akademiafarmaceuty.edu.pl\/2016\/wp-json\/wp\/v2\/pages\/38\/revisions\/2419"}],"wp:attachment":[{"href":"https:\/\/akademiafarmaceuty.edu.pl\/2016\/wp-json\/wp\/v2\/media?parent=38"}],"curies":[{"name":"wp","href":"https:\/\/api.w.org\/{rel}","templated":true}]}}

Terminy kursów

<div class="table-responsive"><table  style="width:100%; "  class="easy-table easy-table-default " border="0">
<thead>
<tr><th >Lp</th>
<th >Data</th>
<th >Miasto</th>
<th >Zaproszenie</th>
</tr>
</thead>
<tbody>
<tr><td >1</td>
<td >28.02.2016 (niedziela)</td>
<td ><strong>KRAKÓW</strong></td>
<td ><a href="https://www.akademiafarmaceuty.edu.pl/2016/wp-content/uploads/2016/02/F2016-zaproszenie_Krakow.pdf" target="_blank">Pobierz zaproszenie</a></td>
</tr>

<tr><td >2</td>
<td >06.03.2016 (niedziela)</td>
<td ><strong>RZESZÓW</strong></td>
<td ><a href="https://www.akademiafarmaceuty.edu.pl/2016/wp-content/uploads/2016/02/F2016-zaproszenie_Rzeszow.pdf" target="_blank">Pobierz zaproszenie</a></td>
</tr>

<tr><td >3</td>
<td >09.04.2016 (sobota)</td>
<td ><strong>ŁÓDŹ</strong></td>
<td ><a href="https://www.akademiafarmaceuty.edu.pl/2016/wp-content/uploads/2016/03/F2016-zaproszenie_Lodz.pdf" target="_blank">Pobierz zaproszenie</a></td>
</tr>

<tr><td >4</td>
<td >17.04.2016 (niedziela)</td>
<td ><strong>GORZÓW WIELKOPOLSKI</strong></td>
<td ><a href="https://www.akademiafarmaceuty.edu.pl/2016/wp-content/uploads/2016/03/F2016-zaproszenie_Gorzow.pdf" target="_blank">Pobierz zaproszenie</a></td>
</tr>

<tr><td >5</td>
<td >15.05.2016 (niedziela)</td>
<td ><strong>WROCŁAW</strong></td>
<td ><a href="https://www.akademiafarmaceuty.edu.pl/2016/wp-content/uploads/2016/04/F2016-zaproszenie_Wroclaw.pdf" target="_blank">Pobierz zaproszenie</a></td>
</tr>

<tr><td >6</td>
<td >22.05.2016 (niedziela)</td>
<td ><strong>GDAŃSK</strong></td>
<td ><a href="https://www.akademiafarmaceuty.edu.pl/2016/wp-content/uploads/2016/04/F2016-zaproszenie_Gdansk.pdf" target="_blank">Pobierz zaproszenie</a></td>
</tr>

<tr><td >7</td>
<td >12.06.2016 (niedziela)</td>
<td ><strong>WARSZAWA</strong></td>
<td ><a href="https://www.akademiafarmaceuty.edu.pl/2016/wp-content/uploads/2016/05/F2016-zaproszenie_Warszawa.pdf" target="_blank">Pobierz zaproszenie</a></td>
</tr>

<tr><td >8</td>
<td >10.09.2016 (sobota)</td>
<td ><strong>KIELCE</strong></td>
<td ><a href="https://www.akademiafarmaceuty.edu.pl/2016/wp-content/uploads/2016/08/F2016-zaproszenie_Kielce_201609.pdf" target="_blank">Pobierz zaproszenie</a></td>
</tr>

<tr><td >9</td>
<td >25.09.2016 (niedziela)</td>
<td ><strong>POZNAŃ</strong></td>
<td ><a href="https://www.akademiafarmaceuty.edu.pl/2016/wp-content/uploads/2016/08/F2016-zaproszenie_Poznan_201609.pdf" target="_blank">Pobierz zaproszenie</a></td>
</tr>

<tr><td >10</td>
<td >02.10.2016 (niedziela)</td>
<td ><strong>LUBLIN</strong></td>
<td ><a href="https://www.akademiafarmaceuty.edu.pl/2016/wp-content/uploads/2016/09/F2016jesien-zaproszenie_Lublin.pdf" target="_blank">Pobierz zaproszenie</a></td>
</tr>

<tr><td >11</td>
<td >09.10.2016 (niedziela)</td>
<td ><strong>TORUŃ</strong></td>
<td ><a href="https://www.akademiafarmaceuty.edu.pl/2016/wp-content/uploads/2016/08/F2016jesien-zaproszenie_Torun.pdf" target="_blank">Pobierz zaproszenie</a></td>
</tr>

<tr><td >12</td>
<td >16.10.2016 (niedziela)</td>
<td ><strong>KATOWICE</strong></td>
<td ><a href="https://www.akademiafarmaceuty.edu.pl/2016/wp-content/uploads/2016/09/F2016jesien-zaproszenie_Katowice.pdf" target="_blank">Pobierz zaproszenie</a></td>
</tr>

<tr><td >13</td>
<td >23.10.2016 (niedziela)</td>
<td ><strong>BIAŁYSTOK</strong></td>
<td ><a href="https://www.akademiafarmaceuty.edu.pl/2016/wp-content/uploads/2016/08/F2016jesien-zaproszenie_Bialystok.pdf" target="_blank">Pobierz zaproszenie</a></td>
</tr>
</tbody></table></div>
