{"id":105,"date":"2016-02-22T13:45:44","date_gmt":"2016-02-22T12:45:44","guid":{"rendered":"https:\/\/akademiafarmaceuty.edu.pl\/?page_id=105"},"modified":"2017-01-27T13:33:50","modified_gmt":"2017-01-27T12:33:50","slug":"program-ramowy","status":"publish","type":"page","link":"https:\/\/akademiafarmaceuty.edu.pl\/2017\/program-ramowy\/","title":{"rendered":"Program ramowy"},"content":{"rendered":"<p><em>Program ramowy \u2013 pomi\u0119dzy poszczeg\u00f3lnymi miastami mog\u0105 wyst\u0119powa\u0107 drobne r\u00f3\u017cnice. Szczeg\u00f3\u0142owe programy s\u0105 publikowane\u00a0w tre\u015bci zaprosze\u0144.<\/em><\/p>\n<ul>\n<li><b><i>Rejestracja uczestnik\u00f3w<\/i><\/b><\/li>\n<li><b><i><\/i><\/b><b><i>Posiedzenie naukowo-szkoleniowe\u00a0<\/i><\/b>\n<ul>\n<li>Ochrona przeciws\u0142oneczna \u2013\u00a0podej\u015bcie kliniczne<\/li>\n<li>Od laboratorium do skutecznej ochrony przeciws\u0142onecznej<\/li>\n<li>Suplementy<\/li>\n<\/ul>\n<\/li>\n<li><b><i>Przerwa<\/i><\/b><\/li>\n<li><b><i>Kurs: 12. Komunikacja i\u00a0informacja o\u00a0leku w pracy aptekarza \u2013\u00a0wybrane aspekty teoretyczne i praktyczne<\/i><\/b>\n<ul>\n<li><b><i><\/i><\/b>Podstawy komunikacji w aptece: poj\u0119cie i podstawowe prawa komunikacji. Rodzaje komunikacji i ich rola w pracy aptekarza.<\/li>\n<li>Wizerunek apteki. Wygl\u0105d zewn\u0119trzny i\u00a0wewn\u0119trzny apteki, personel, grupy docelowe, sposoby dotarcia.<\/li>\n<li>Komunikacja farmaceuty z pacjentem na przyk\u0142adzie przypadk\u00f3w pacjent\u00f3w zg\u0142aszaj\u0105cych w aptece:\n<ul>\n<li>dolegliwo\u015bci gastroenterologiczne<\/li>\n<li>objawy alergiczne<\/li>\n<li>dolegliwo\u015bci sk\u00f3rne i wypadanie w\u0142os\u00f3w<\/li>\n<\/ul>\n<\/li>\n<li>Wsp\u00f3\u0142praca na linii lekarz-pacjent-aptekarz. Aktywne s\u0142uchanie.<\/li>\n<li>Przekazywanie informacji naukowej o leku.<\/li>\n<\/ul>\n<\/li>\n<li><b><i>Dyskusja, podsumowanie, zako\u0144czenie kursu szkoleniowego, test sprawdzaj\u0105cy zdobyt\u0105 wiedz\u0119<\/i><\/b><\/li>\n<\/ul>\n","protected":false},"excerpt":{"rendered":"<p>Program ramowy \u2013 pomi\u0119dzy poszczeg\u00f3lnymi miastami mog\u0105 wyst\u0119powa\u0107 drobne r\u00f3\u017cnice. Szczeg\u00f3\u0142owe programy s\u0105 publikowane\u00a0w tre\u015bci zaprosze\u0144. Rejestracja uczestnik\u00f3w Posiedzenie naukowo-szkoleniowe\u00a0 Ochrona przeciws\u0142oneczna \u2013\u00a0podej\u015bcie kliniczne Od laboratorium do skutecznej ochrony przeciws\u0142onecznej Suplementy Przerwa Kurs: 12. Komunikacja i\u00a0informacja o\u00a0leku w pracy aptekarza &hellip; <a href=\"https:\/\/akademiafarmaceuty.edu.pl\/2017\/program-ramowy\/\">Continued<\/a><\/p>\n","protected":false},"author":1,"featured_media":0,"parent":0,"menu_order":0,"comment_status":"closed","ping_status":"closed","template":"","meta":[],"_links":{"self":[{"href":"https:\/\/akademiafarmaceuty.edu.pl\/2017\/wp-json\/wp\/v2\/pages\/105"}],"collection":[{"href":"https:\/\/akademiafarmaceuty.edu.pl\/2017\/wp-json\/wp\/v2\/pages"}],"about":[{"href":"https:\/\/akademiafarmaceuty.edu.pl\/2017\/wp-json\/wp\/v2\/types\/page"}],"author":[{"embeddable":true,"href":"https:\/\/akademiafarmaceuty.edu.pl\/2017\/wp-json\/wp\/v2\/users\/1"}],"replies":[{"embeddable":true,"href":"https:\/\/akademiafarmaceuty.edu.pl\/2017\/wp-json\/wp\/v2\/comments?post=105"}],"version-history":[{"count":10,"href":"https:\/\/akademiafarmaceuty.edu.pl\/2017\/wp-json\/wp\/v2\/pages\/105\/revisions"}],"predecessor-version":[{"id":2640,"href":"https:\/\/akademiafarmaceuty.edu.pl\/2017\/wp-json\/wp\/v2\/pages\/105\/revisions\/2640"}],"wp:attachment":[{"href":"https:\/\/akademiafarmaceuty.edu.pl\/2017\/wp-json\/wp\/v2\/media?parent=105"}],"curies":[{"name":"wp","href":"https:\/\/api.w.org\/{rel}","templated":true}]}}

<p><em>Program ramowy – pomiędzy poszczególnymi miastami mogą występować drobne różnice. Szczegółowe programy są publikowane w treści zaproszeń.</em></p>
<ul>
<li><b><i>Rejestracja uczestników</i></b></li>
<li><b><i></i></b><b><i>Posiedzenie naukowo-szkoleniowe </i></b>
<ul>
<li>Ochrona przeciwsłoneczna – podejście kliniczne</li>
<li>Od laboratorium do skutecznej ochrony przeciwsłonecznej</li>
<li>Suplementy</li>
</ul>
</li>
<li><b><i>Przerwa</i></b></li>
<li><b><i>Kurs: 12. Komunikacja i informacja o leku w pracy aptekarza – wybrane aspekty teoretyczne i praktyczne</i></b>
<ul>
<li><b><i></i></b>Podstawy komunikacji w aptece: pojęcie i podstawowe prawa komunikacji. Rodzaje komunikacji i ich rola w pracy aptekarza.</li>
<li>Wizerunek apteki. Wygląd zewnętrzny i wewnętrzny apteki, personel, grupy docelowe, sposoby dotarcia.</li>
<li>Komunikacja farmaceuty z pacjentem na przykładzie przypadków pacjentów zgłaszających w aptece:
<ul>
<li>dolegliwości gastroenterologiczne</li>
<li>objawy alergiczne</li>
<li>dolegliwości skórne i wypadanie włosów</li>
</ul>
</li>
<li>Współpraca na linii lekarz-pacjent-aptekarz. Aktywne słuchanie.</li>
<li>Przekazywanie informacji naukowej o leku.</li>
</ul>
</li>
<li><b><i>Dyskusja, podsumowanie, zakończenie kursu szkoleniowego, test sprawdzający zdobytą wiedzę</i></b></li>
</ul>

<p>Program ramowy – pomiędzy poszczególnymi miastami mogą występować drobne różnice. Szczegółowe programy są publikowane w treści zaproszeń. Rejestracja uczestników Posiedzenie naukowo-szkoleniowe  Ochrona przeciwsłoneczna – podejście kliniczne Od laboratorium do skutecznej ochrony przeciwsłonecznej Suplementy Przerwa Kurs: 12. Komunikacja i informacja o leku w pracy aptekarza &hellip; <a href="https://akademiafarmaceuty.edu.pl/2017/program-ramowy/">Continued</a></p>
