{"id":38,"date":"2016-02-19T16:55:58","date_gmt":"2016-02-19T15:55:58","guid":{"rendered":"https:\/\/akademiafarmaceuty.edu.pl\/?page_id=38"},"modified":"2017-09-04T13:46:45","modified_gmt":"2017-09-04T12:46:45","slug":"terminy-i-miejsca-kursow","status":"publish","type":"page","link":"https:\/\/akademiafarmaceuty.edu.pl\/2017\/terminy-i-miejsca-kursow\/","title":{"rendered":"Terminy kurs\u00f3w"},"content":{"rendered":"<div class=\"table-responsive\"><table  style=\"width:100%; \"  class=\"easy-table easy-table-default \" border=\"0\">\n<thead>\r\n<tr><th >Lp<\/th>\n<th >Data<\/th>\n<th >Miasto<\/th>\n<\/tr>\n<\/thead>\n<tbody>\r\n<tr><td >1<\/td>\n<td >19.02.2017 (niedziela)<\/td>\n<td ><strong><a href=\"https:\/\/akademiafarmaceuty.edu.pl\/wp-content\/uploads\/2017\/01\/F2017-zaproszenie_Krakow.pdf\" target=\"_blank\" rel=\"noopener\">KRAK\u00d3W <i class=\"icon-caret-right\" style=\"font-size:16px; color:;\"><\/i>\u00a0pobierz zaproszenie<\/a><\/strong><\/td>\n<\/tr>\n\r\n<tr><td >2<\/td>\n<td >26.02.2017 (niedziela)<\/td>\n<td ><strong><a href=\"https:\/\/akademiafarmaceuty.edu.pl\/wp-content\/uploads\/2017\/01\/F2017-zaproszenie_Lublin.pdf\" target=\"_blank\" rel=\"noopener\">LUBLIN <i class=\"icon-caret-right\" style=\"font-size:16px; color:;\"><\/i>\u00a0pobierz zaproszenie<\/a><\/strong><\/td>\n<\/tr>\n\r\n<tr><td >3<\/td>\n<td >5.03.2017 (niedziela)<\/td>\n<td ><strong><a href=\"https:\/\/akademiafarmaceuty.edu.pl\/wp-content\/uploads\/2017\/01\/F2017-zaproszenie_Warszawa.pdf\" target=\"_blank\" rel=\"noopener\">WARSZAWA <i class=\"icon-caret-right\" style=\"font-size:16px; color:;\"><\/i>\u00a0pobierz zaproszenie<\/a><\/strong><\/td>\n<\/tr>\n\r\n<tr><td >4<\/td>\n<td >19.03.2017 (niedziela)<\/td>\n<td ><strong><a href=\"https:\/\/akademiafarmaceuty.edu.pl\/wp-content\/uploads\/2017\/02\/F2017-zaproszenie_Torun.pdf\" target=\"_blank&quot;\">TORU\u0143 <i class=\"icon-caret-right\" style=\"font-size:16px; color:;\"><\/i>\u00a0pobierz zaproszenie<\/a><\/strong><\/td>\n<\/tr>\n\r\n<tr><td >5<\/td>\n<td >26.03.2017 (niedziela)<\/td>\n<td ><strong><a href=\"https:\/\/akademiafarmaceuty.edu.pl\/wp-content\/uploads\/2017\/02\/F2017-zaproszenie_Poznan.pdf\" target=\"_blank\" rel=\"noopener\">POZNA\u0143 <i class=\"icon-caret-right\" style=\"font-size:16px; color:;\"><\/i>\u00a0pobierz zaproszenie<\/a><\/strong><\/td>\n<\/tr>\n\r\n<tr><td >6<\/td>\n<td >2.04.2017 (niedziela)<\/td>\n<td ><strong><a href=\"https:\/\/akademiafarmaceuty.edu.pl\/wp-content\/uploads\/2017\/03\/F2017-zaproszenie_Lodz.pdf\" target=\"_blank\" rel=\"noopener\">\u0141\u00d3D\u0179 <i class=\"icon-caret-right\" style=\"font-size:16px; color:;\"><\/i>\u00a0pobierz zaproszenie<\/a><\/strong><\/td>\n<\/tr>\n\r\n<tr><td >7<\/td>\n<td >10.09.2017 (niedziela)<\/td>\n<td ><strong><a href=\"https:\/\/akademiafarmaceuty.edu.pl\/wp-content\/uploads\/2017\/08\/F2017-zaproszenie_Gdansk.pdf\" target=\"_blank\" rel=\"noopener\">GDA\u0143SK <i class=\"icon-caret-right\" style=\"font-size:16px; color:;\"><\/i>\u00a0pobierz zaproszenie<\/a><\/strong><\/td>\n<\/tr>\n\r\n<tr><td >8<\/td>\n<td >17.09.2017 (niedziela)<\/td>\n<td ><strong><a href=\"https:\/\/akademiafarmaceuty.edu.pl\/wp-content\/uploads\/2017\/08\/F2017-zaproszenie_Wroclaw.pdf\" target=\"_blank\" rel=\"noopener\">WROC\u0141AW <i class=\"icon-caret-right\" style=\"font-size:16px; color:;\"><\/i>\u00a0pobierz zaproszenie<\/a><\/strong><\/td>\n<\/tr>\n\r\n<tr><td >9<\/td>\n<td >24.09.2017 (niedziela)<\/td>\n<td ><strong><a href=\"https:\/\/akademiafarmaceuty.edu.pl\/wp-content\/uploads\/2017\/08\/F2017-zaproszenie_Rzeszow.pdf\" target=\"_blank\" rel=\"noopener\">RZESZ\u00d3W <i class=\"icon-caret-right\" style=\"font-size:16px; color:;\"><\/i>\u00a0pobierz zaproszenie<\/a><\/strong><\/td>\n<\/tr>\n\r\n<tr><td >10<\/td>\n<td >1.10.2017 (niedziela)<\/td>\n<td ><strong><a href=\"https:\/\/akademiafarmaceuty.edu.pl\/wp-content\/uploads\/2017\/09\/F2017-zaproszenie_Katowice.pdf\" target=\"_blank\" rel=\"noopener\">KATOWICE <i class=\"icon-caret-right\" style=\"font-size:16px; color:;\"><\/i>\u00a0pobierz zaproszenie<\/a><\/strong><\/td>\n<\/tr>\n\r\n<tr><td >11<\/td>\n<td >8.10.2017 (niedziela)<\/td>\n<td ><strong><a href=\"https:\/\/akademiafarmaceuty.edu.pl\/wp-content\/uploads\/2017\/09\/F2017-zaproszenie_Kielce.pdf\" target=\"_blank\" rel=\"noopener\">KIELCE <i class=\"icon-caret-right\" style=\"font-size:16px; color:;\"><\/i>\u00a0pobierz zaproszenie<\/a><\/strong><\/td>\n<\/tr>\n<\/tbody><\/table><\/div>\n","protected":false},"excerpt":{"rendered":"","protected":false},"author":1,"featured_media":0,"parent":0,"menu_order":0,"comment_status":"closed","ping_status":"closed","template":"","meta":[],"_links":{"self":[{"href":"https:\/\/akademiafarmaceuty.edu.pl\/2017\/wp-json\/wp\/v2\/pages\/38"}],"collection":[{"href":"https:\/\/akademiafarmaceuty.edu.pl\/2017\/wp-json\/wp\/v2\/pages"}],"about":[{"href":"https:\/\/akademiafarmaceuty.edu.pl\/2017\/wp-json\/wp\/v2\/types\/page"}],"author":[{"embeddable":true,"href":"https:\/\/akademiafarmaceuty.edu.pl\/2017\/wp-json\/wp\/v2\/users\/1"}],"replies":[{"embeddable":true,"href":"https:\/\/akademiafarmaceuty.edu.pl\/2017\/wp-json\/wp\/v2\/comments?post=38"}],"version-history":[{"count":68,"href":"https:\/\/akademiafarmaceuty.edu.pl\/2017\/wp-json\/wp\/v2\/pages\/38\/revisions"}],"predecessor-version":[{"id":364,"href":"https:\/\/akademiafarmaceuty.edu.pl\/2017\/wp-json\/wp\/v2\/pages\/38\/revisions\/364"}],"wp:attachment":[{"href":"https:\/\/akademiafarmaceuty.edu.pl\/2017\/wp-json\/wp\/v2\/media?parent=38"}],"curies":[{"name":"wp","href":"https:\/\/api.w.org\/{rel}","templated":true}]}}

Terminy kursów

<div class="table-responsive"><table  style="width:100%; "  class="easy-table easy-table-default " border="0">
<thead>
<tr><th >Lp</th>
<th >Data</th>
<th >Miasto</th>
</tr>
</thead>
<tbody>
<tr><td >1</td>
<td >19.02.2017 (niedziela)</td>
<td ><strong><a href="https://akademiafarmaceuty.edu.pl/wp-content/uploads/2017/01/F2017-zaproszenie_Krakow.pdf" target="_blank" rel="noopener">KRAKÓW <i class="icon-caret-right" style="font-size:16px; color:;"></i> pobierz zaproszenie</a></strong></td>
</tr>

<tr><td >2</td>
<td >26.02.2017 (niedziela)</td>
<td ><strong><a href="https://akademiafarmaceuty.edu.pl/wp-content/uploads/2017/01/F2017-zaproszenie_Lublin.pdf" target="_blank" rel="noopener">LUBLIN <i class="icon-caret-right" style="font-size:16px; color:;"></i> pobierz zaproszenie</a></strong></td>
</tr>

<tr><td >3</td>
<td >5.03.2017 (niedziela)</td>
<td ><strong><a href="https://akademiafarmaceuty.edu.pl/wp-content/uploads/2017/01/F2017-zaproszenie_Warszawa.pdf" target="_blank" rel="noopener">WARSZAWA <i class="icon-caret-right" style="font-size:16px; color:;"></i> pobierz zaproszenie</a></strong></td>
</tr>

<tr><td >4</td>
<td >19.03.2017 (niedziela)</td>
<td ><strong><a href="https://akademiafarmaceuty.edu.pl/wp-content/uploads/2017/02/F2017-zaproszenie_Torun.pdf" target="_blank&quot;">TORUŃ <i class="icon-caret-right" style="font-size:16px; color:;"></i> pobierz zaproszenie</a></strong></td>
</tr>

<tr><td >5</td>
<td >26.03.2017 (niedziela)</td>
<td ><strong><a href="https://akademiafarmaceuty.edu.pl/wp-content/uploads/2017/02/F2017-zaproszenie_Poznan.pdf" target="_blank" rel="noopener">POZNAŃ <i class="icon-caret-right" style="font-size:16px; color:;"></i> pobierz zaproszenie</a></strong></td>
</tr>

<tr><td >6</td>
<td >2.04.2017 (niedziela)</td>
<td ><strong><a href="https://akademiafarmaceuty.edu.pl/wp-content/uploads/2017/03/F2017-zaproszenie_Lodz.pdf" target="_blank" rel="noopener">ŁÓDŹ <i class="icon-caret-right" style="font-size:16px; color:;"></i> pobierz zaproszenie</a></strong></td>
</tr>

<tr><td >7</td>
<td >10.09.2017 (niedziela)</td>
<td ><strong><a href="https://akademiafarmaceuty.edu.pl/wp-content/uploads/2017/08/F2017-zaproszenie_Gdansk.pdf" target="_blank" rel="noopener">GDAŃSK <i class="icon-caret-right" style="font-size:16px; color:;"></i> pobierz zaproszenie</a></strong></td>
</tr>

<tr><td >8</td>
<td >17.09.2017 (niedziela)</td>
<td ><strong><a href="https://akademiafarmaceuty.edu.pl/wp-content/uploads/2017/08/F2017-zaproszenie_Wroclaw.pdf" target="_blank" rel="noopener">WROCŁAW <i class="icon-caret-right" style="font-size:16px; color:;"></i> pobierz zaproszenie</a></strong></td>
</tr>

<tr><td >9</td>
<td >24.09.2017 (niedziela)</td>
<td ><strong><a href="https://akademiafarmaceuty.edu.pl/wp-content/uploads/2017/08/F2017-zaproszenie_Rzeszow.pdf" target="_blank" rel="noopener">RZESZÓW <i class="icon-caret-right" style="font-size:16px; color:;"></i> pobierz zaproszenie</a></strong></td>
</tr>

<tr><td >10</td>
<td >1.10.2017 (niedziela)</td>
<td ><strong><a href="https://akademiafarmaceuty.edu.pl/wp-content/uploads/2017/09/F2017-zaproszenie_Katowice.pdf" target="_blank" rel="noopener">KATOWICE <i class="icon-caret-right" style="font-size:16px; color:;"></i> pobierz zaproszenie</a></strong></td>
</tr>

<tr><td >11</td>
<td >8.10.2017 (niedziela)</td>
<td ><strong><a href="https://akademiafarmaceuty.edu.pl/wp-content/uploads/2017/09/F2017-zaproszenie_Kielce.pdf" target="_blank" rel="noopener">KIELCE <i class="icon-caret-right" style="font-size:16px; color:;"></i> pobierz zaproszenie</a></strong></td>
</tr>
</tbody></table></div>
