{"id":12,"date":"2016-02-19T16:33:43","date_gmt":"2016-02-19T15:33:43","guid":{"rendered":"https:\/\/akademiafarmaceuty.edu.pl\/?page_id=12"},"modified":"2018-02-26T14:28:29","modified_gmt":"2018-02-26T13:28:29","slug":"wykladowcy","status":"publish","type":"page","link":"https:\/\/akademiafarmaceuty.edu.pl\/2018\/wykladowcy\/","title":{"rendered":"Wyk\u0142adowcy"},"content":{"rendered":"<h4><strong class=\"tytul\">Dr n. med. Piotr Rapiejko<\/strong><\/h4>\n<h6><strong class=\"tytul\">KIEROWNIK NAUKOWY PROJEKTU<\/strong><\/h6>\n<p style=\"text-align: justify;\">Z Kliniki Otolaryngologii Wojskowego Instytutu Medycznego w Warszawie. Cz\u0142onek Zarz\u0105du G\u0142\u00f3wnego Polskiego Towarzystwa Alergologicznego. Prezes O\u015brodka Badania Alergen\u00f3w \u015arodowiskowych Sp. z o.o. Autor ponad 400 publikacji naukowych, 12 monografii i 56 rozdzia\u0142\u00f3w z zakresu alergologii i laryngologii.<\/p>\n<hr \/>\n<h4><strong>Prof.\u00a0zw.\u00a0dr\u00a0hab.\u00a0n. med.\u00a0Wojciech\u00a0Cichy<\/strong><\/h4>\n<p style=\"text-align: justify;\">Em. Kierownik I Katedry Pediatrii i\u00a0Kliniki Gastroenterologii Dzieci\u0119cej i Chor\u00f3b Metabolicznych Uniwersytetu Medycznego im. K. Marcinkowskiego w Poznaniu. Lekarz-specjalista w zakresie pediatrii, gastroenterologii i medycyny sportowej. Profesor na Wydziale Medycznym PWSZ w Kaliszu.<\/p>\n<h4><strong>Prof. dr hab. n. med. Przemys\u0142aw Bie\u0144kowski <\/strong><\/h4>\n<p style=\"text-align: justify;\">Pracuje w Katedrze i Klinice Psychiatrycznej Warszawskiego Uniwersytetu Medycznego. Jako lekarz psychofarmakolog zajmuje si\u0119 badaniem etiopatogenezy schorze\u0144 o\u015brodkowego i obwodowego uk\u0142adu nerwowego oraz mechanizm\u00f3w dzia\u0142ania lek\u00f3w psychotropowych. Od 2011 r. przewodniczy Radzie Naukowej Instytutu Psychiatrii i Neurologii w Warszawie. Od dw\u00f3ch kadencji dzia\u0142a w Polskim Towarzystwie Psychiatrycznym, jako cz\u0142onek Zarz\u0105du G\u0142\u00f3wnego. Jest autorem ponad 120\u00a0oryginalnych i pogl\u0105dowych prac naukowych w czasopismach z IF, licznych rozdzia\u0142\u00f3w ksi\u0105\u017ckowych oraz doniesie\u0144 zjazdowych.<\/p>\n<h4><strong>Prof. dr\u00a0hab.\u00a0n.\u00a0med.\u00a0Aleksandra\u00a0Lesiak<\/strong><\/h4>\n<p style=\"text-align: justify;\">Specjalista dermatolog-wenerolog, specjalista dermatolog dzieci\u0119cy oraz lekarz specjalista dermatologii estetycznej. Pe\u0142ni funkcj\u0119 adiunkta w Klinice Dermatologii i Wenerologii Uniwersytetu Medycznego w \u0141odzi.<\/p>\n<h4><strong>Dr hab. n. med. Halina Sienkiewicz-Jarosz<\/strong><\/h4>\n<p style=\"text-align: justify;\">prof. IPiN; Kierownik I Kliniki Neurologicznej Instytutu Psychiatrii i Neurologii w Warszawie. Autorka ponad 100 publikacji w czasopismach krajowych i zagranicznych. \u0141\u0105czny wsp\u00f3\u0142czynnik IF dla w\/w publikacji wynosi ponad 100.<\/p>\n<h4><strong>Dr<\/strong><strong> hab. n. med. <\/strong><strong>Adam J. Sybilski<\/strong><\/h4>\n<p style=\"text-align: justify;\">Alergolog, specjalista pediatra, do\u015bwiadczony klinicysta. Od 25 lat lekarz dzieci, od 14 lat zajmuje si\u0119 alergologi\u0105. Od 2008 roku ordynator Oddzia\u0142u Chor\u00f3b Dzieci\u0119cych i Noworodkowych z Centrum Alergologii i Dermatologii CSK MSWiA w Warszawie. Od wielu lat pracuje r\u00f3wnie\u017c w Poradni Alergologicznej SP CSK WUM oraz prowadzi zaj\u0119cia ze studentami WUM. Uznany wyk\u0142adowca, autor ponad 180 prac z dziedziny alergologii, pediatrii i dermatologii.<\/p>\n<h4><strong>Dr\u00a0n.\u00a0farm.\u00a0Przemys\u0142aw\u00a0Talik<\/strong><\/h4>\n<p style=\"text-align: justify;\">Dr\u00a0n.\u00a0farm. w zakresie chemii lek\u00f3w. Z Wydzia\u0142em Farmaceutycznym Uniwersytetu Jagiello\u0144skiego Collegium Medicum zwi\u0105zany od 1994 roku. Obecnie adiunkt w Zak\u0142adzie Chemii Analitycznej. Do\u015bwiadczony nauczyciel, autor wielu publikacji i doniesie\u0144 oraz prezentacji ustnych na konferencjach krajowych jak i zagranicznych.<\/p>\n<h4><strong>Zbigniew Kowalski<\/strong><\/h4>\n<p style=\"text-align: justify;\">Z wykszta\u0142cenia jest negocjatorem i specjalist\u0105 ds. komunikacji. Jest autorem kilku istotnych bada\u0144 opinii, jak np. oczekiwania Pacjent\u00f3w wobec aptek i Farmaceut\u00f3w czy oczekiwania Pacjent\u00f3w wobec Lekarzy. Od 2000 roku prowadzi treningi, wyk\u0142ady motywacyjne, warsztaty i debaty. Z jego wiedzy skorzysta\u0142o dotychczas ponad 70 000 os\u00f3b, w tym ponad 30 000 Lekarzy i ponad 15 000 Farmaceut\u00f3w. Autor podr\u0119cznik\u00f3w i kilku poradnik\u00f3w z zakresu rozmowy z Pacjentem. Wsp\u00f3\u0142pracuje jako wyk\u0142adowca z wy\u017cszymi uczelniami i towarzystwami naukowymi.<\/p>\n<h4><strong>Katarzyna Jagie\u0142o<\/strong><\/h4>\n<p style=\"text-align: justify;\">Manager z wieloletnim do\u015bwiadczeniem na rynku farmaceutycznym oraz szkoleniowym. Posiada szerokie kompetencje z zakresu zarz\u0105dzania projektami, opracowywania oraz przeprowadzania szkole\u0144 dla klient\u00f3w korporacyjnych i indywidualnych, organizacji seminari\u00f3w oraz promocji szkole\u0144 na uczelniach wy\u017cszych.\u00a0Posiada do\u015bwiadczenie w zakresie promocji lek\u00f3w w aptekach, organizacji szkole\u0144 produktowych dla farmaceut\u00f3w (program Pharmasist Glaxo). Od wrze\u015bnia 2015 wsp\u00f3\u0142pracuje z firma Sanofi w zakresie przeprowadzenia szkole\u0144 dla farmaceut\u00f3w \u2013 preparaty OTC (No-spa, Essentiale) oraz preparaty dermokosmetyczne \u2013 marki Iwostin oraz Emolium. Wykszta\u0142cenie wy\u017csze \u2013 SGH.<\/p>\n<h4><strong>Ewa Tobiasz<\/strong><\/h4>\n<p style=\"text-align: justify;\">Trener, coach, szkoleniowiec z do\u015bwiadczeniem na rynku farmaceutycznym oraz medycznym; Posiada szerokie kompetencje ds. sprzeda\u017cowych, zarz\u0105dzania projektami w bran\u017cy farmaceutyczno-medycznej.<\/p>\n","protected":false},"excerpt":{"rendered":"<p>Dr n. med. Piotr Rapiejko KIEROWNIK NAUKOWY PROJEKTU Z Kliniki Otolaryngologii Wojskowego Instytutu Medycznego w Warszawie. Cz\u0142onek Zarz\u0105du G\u0142\u00f3wnego Polskiego Towarzystwa Alergologicznego. Prezes O\u015brodka Badania Alergen\u00f3w \u015arodowiskowych Sp. z o.o. Autor ponad 400 publikacji naukowych, 12 monografii i 56 rozdzia\u0142\u00f3w &hellip; <a href=\"https:\/\/akademiafarmaceuty.edu.pl\/2018\/wykladowcy\/\">Continued<\/a><\/p>\n","protected":false},"author":1,"featured_media":0,"parent":0,"menu_order":0,"comment_status":"closed","ping_status":"closed","template":"","meta":[],"_links":{"self":[{"href":"https:\/\/akademiafarmaceuty.edu.pl\/2018\/wp-json\/wp\/v2\/pages\/12"}],"collection":[{"href":"https:\/\/akademiafarmaceuty.edu.pl\/2018\/wp-json\/wp\/v2\/pages"}],"about":[{"href":"https:\/\/akademiafarmaceuty.edu.pl\/2018\/wp-json\/wp\/v2\/types\/page"}],"author":[{"embeddable":true,"href":"https:\/\/akademiafarmaceuty.edu.pl\/2018\/wp-json\/wp\/v2\/users\/1"}],"replies":[{"embeddable":true,"href":"https:\/\/akademiafarmaceuty.edu.pl\/2018\/wp-json\/wp\/v2\/comments?post=12"}],"version-history":[{"count":37,"href":"https:\/\/akademiafarmaceuty.edu.pl\/2018\/wp-json\/wp\/v2\/pages\/12\/revisions"}],"predecessor-version":[{"id":4863,"href":"https:\/\/akademiafarmaceuty.edu.pl\/2018\/wp-json\/wp\/v2\/pages\/12\/revisions\/4863"}],"wp:attachment":[{"href":"https:\/\/akademiafarmaceuty.edu.pl\/2018\/wp-json\/wp\/v2\/media?parent=12"}],"curies":[{"name":"wp","href":"https:\/\/api.w.org\/{rel}","templated":true}]}}

Wykładowcy

<h4><strong class="tytul">Dr n. med. Piotr Rapiejko</strong></h4>
<h6><strong class="tytul">KIEROWNIK NAUKOWY PROJEKTU</strong></h6>
<p style="text-align: justify;">Z Kliniki Otolaryngologii Wojskowego Instytutu Medycznego w Warszawie. Członek Zarządu Głównego Polskiego Towarzystwa Alergologicznego. Prezes Ośrodka Badania Alergenów Środowiskowych Sp. z o.o. Autor ponad 400 publikacji naukowych, 12 monografii i 56 rozdziałów z zakresu alergologii i laryngologii.</p>
<hr />
<h4><strong>Prof. zw. dr hab. n. med. Wojciech Cichy</strong></h4>
<p style="text-align: justify;">Em. Kierownik I Katedry Pediatrii i Kliniki Gastroenterologii Dziecięcej i Chorób Metabolicznych Uniwersytetu Medycznego im. K. Marcinkowskiego w Poznaniu. Lekarz-specjalista w zakresie pediatrii, gastroenterologii i medycyny sportowej. Profesor na Wydziale Medycznym PWSZ w Kaliszu.</p>
<h4><strong>Prof. dr hab. n. med. Przemysław Bieńkowski </strong></h4>
<p style="text-align: justify;">Pracuje w Katedrze i Klinice Psychiatrycznej Warszawskiego Uniwersytetu Medycznego. Jako lekarz psychofarmakolog zajmuje się badaniem etiopatogenezy schorzeń ośrodkowego i obwodowego układu nerwowego oraz mechanizmów działania leków psychotropowych. Od 2011 r. przewodniczy Radzie Naukowej Instytutu Psychiatrii i Neurologii w Warszawie. Od dwóch kadencji działa w Polskim Towarzystwie Psychiatrycznym, jako członek Zarządu Głównego. Jest autorem ponad 120 oryginalnych i poglądowych prac naukowych w czasopismach z IF, licznych rozdziałów książkowych oraz doniesień zjazdowych.</p>
<h4><strong>Prof. dr hab. n. med. Aleksandra Lesiak</strong></h4>
<p style="text-align: justify;">Specjalista dermatolog-wenerolog, specjalista dermatolog dziecięcy oraz lekarz specjalista dermatologii estetycznej. Pełni funkcję adiunkta w Klinice Dermatologii i Wenerologii Uniwersytetu Medycznego w Łodzi.</p>
<h4><strong>Dr hab. n. med. Halina Sienkiewicz-Jarosz</strong></h4>
<p style="text-align: justify;">prof. IPiN; Kierownik I Kliniki Neurologicznej Instytutu Psychiatrii i Neurologii w Warszawie. Autorka ponad 100 publikacji w czasopismach krajowych i zagranicznych. Łączny współczynnik IF dla w/w publikacji wynosi ponad 100.</p>
<h4><strong>Dr</strong><strong> hab. n. med. </strong><strong>Adam J. Sybilski</strong></h4>
<p style="text-align: justify;">Alergolog, specjalista pediatra, doświadczony klinicysta. Od 25 lat lekarz dzieci, od 14 lat zajmuje się alergologią. Od 2008 roku ordynator Oddziału Chorób Dziecięcych i Noworodkowych z Centrum Alergologii i Dermatologii CSK MSWiA w Warszawie. Od wielu lat pracuje również w Poradni Alergologicznej SP CSK WUM oraz prowadzi zajęcia ze studentami WUM. Uznany wykładowca, autor ponad 180 prac z dziedziny alergologii, pediatrii i dermatologii.</p>
<h4><strong>Dr n. farm. Przemysław Talik</strong></h4>
<p style="text-align: justify;">Dr n. farm. w zakresie chemii leków. Z Wydziałem Farmaceutycznym Uniwersytetu Jagiellońskiego Collegium Medicum związany od 1994 roku. Obecnie adiunkt w Zakładzie Chemii Analitycznej. Doświadczony nauczyciel, autor wielu publikacji i doniesień oraz prezentacji ustnych na konferencjach krajowych jak i zagranicznych.</p>
<h4><strong>Zbigniew Kowalski</strong></h4>
<p style="text-align: justify;">Z wykształcenia jest negocjatorem i specjalistą ds. komunikacji. Jest autorem kilku istotnych badań opinii, jak np. oczekiwania Pacjentów wobec aptek i Farmaceutów czy oczekiwania Pacjentów wobec Lekarzy. Od 2000 roku prowadzi treningi, wykłady motywacyjne, warsztaty i debaty. Z jego wiedzy skorzystało dotychczas ponad 70 000 osób, w tym ponad 30 000 Lekarzy i ponad 15 000 Farmaceutów. Autor podręczników i kilku poradników z zakresu rozmowy z Pacjentem. Współpracuje jako wykładowca z wyższymi uczelniami i towarzystwami naukowymi.</p>
<h4><strong>Katarzyna Jagieło</strong></h4>
<p style="text-align: justify;">Manager z wieloletnim doświadczeniem na rynku farmaceutycznym oraz szkoleniowym. Posiada szerokie kompetencje z zakresu zarządzania projektami, opracowywania oraz przeprowadzania szkoleń dla klientów korporacyjnych i indywidualnych, organizacji seminariów oraz promocji szkoleń na uczelniach wyższych. Posiada doświadczenie w zakresie promocji leków w aptekach, organizacji szkoleń produktowych dla farmaceutów (program Pharmasist Glaxo). Od września 2015 współpracuje z firma Sanofi w zakresie przeprowadzenia szkoleń dla farmaceutów – preparaty OTC (No-spa, Essentiale) oraz preparaty dermokosmetyczne – marki Iwostin oraz Emolium. Wykształcenie wyższe – SGH.</p>
<h4><strong>Ewa Tobiasz</strong></h4>
<p style="text-align: justify;">Trener, coach, szkoleniowiec z doświadczeniem na rynku farmaceutycznym oraz medycznym; Posiada szerokie kompetencje ds. sprzedażowych, zarządzania projektami w branży farmaceutyczno-medycznej.</p>

<p>Dr n. med. Piotr Rapiejko KIEROWNIK NAUKOWY PROJEKTU Z Kliniki Otolaryngologii Wojskowego Instytutu Medycznego w Warszawie. Członek Zarządu Głównego Polskiego Towarzystwa Alergologicznego. Prezes Ośrodka Badania Alergenów Środowiskowych Sp. z o.o. Autor ponad 400 publikacji naukowych, 12 monografii i 56 rozdziałów &hellip; <a href="https://akademiafarmaceuty.edu.pl/2018/wykladowcy/">Continued</a></p>
