{"id":12,"date":"2016-02-19T16:33:43","date_gmt":"2016-02-19T15:33:43","guid":{"rendered":"https:\/\/akademiafarmaceuty.edu.pl\/?page_id=12"},"modified":"2019-08-21T09:26:05","modified_gmt":"2019-08-21T08:26:05","slug":"wykladowcy","status":"publish","type":"page","link":"https:\/\/akademiafarmaceuty.edu.pl\/2019\/wykladowcy\/","title":{"rendered":"Wyk\u0142adowcy"},"content":{"rendered":"\r\n<div class=\"wp-container-1 wp-block-columns has-2-columns\">\r\n<div class=\"wp-block-column\">\r\n<h4><strong>Kurs pt. 1.5.<\/strong><br \/>Post\u0119py farmakoterapii <br \/>chor\u00f3b uk\u0142adu pokarmowego<\/h4>\r\n<h6>\u00a0<\/h6>\r\n<h6>Kierownik:<\/h6>\r\n<p><strong>Prof. zw. dr hab. n. med. Wojciech Cichy<\/strong> &#8211; kierownik I Katedry Pediatrii i Kliniki Gastroenterologii Dzieci\u0119cej i Chor\u00f3b Metabolicznych Uniwersytetu Medycznego im. K. Marcinkowskiego w Poznaniu. Lekarz \u2013 specjalista w zakresie pediatrii, gastroenterologii i medycyny sportowej.<\/p>\r\n<h6>Wyk\u0142adowcy:<\/h6>\r\n<p><strong>Prof. dr hab. n. med. Przemys\u0142aw Bie\u0144kowski<\/strong> &#8211; Lekarz psychofarmakolog, profesor w Katedrze i Klinice Psychiatrycznej Warszawskiego Uniwersytetu Medycznego oraz w Collegium Medicum Uniwersytetu Kardyna\u0142a Stefana Wyszy\u0144skiego. Od 2011 r. przewodniczy Radzie Naukowej Instytutu Psychiatrii i Neurologii w Warszawie. Cz\u0142onek Zarz\u0105du G\u0142\u00f3wnego Polskiego Towarzystwa Psychiatrycznego w kadencji 2013-2016 i 2016-2019. Autor ponad 120 prac oryginalnych i pogl\u0105dowych opublikowanych w czasopismach z IF po\u015bwi\u0119conych etiopatogenezie chor\u00f3b psychicznych i neurologicznych oraz farmakologii lek\u00f3w psychotropowych, licznych rozdzia\u0142\u00f3w ksi\u0105\u017ckowych, tekst\u00f3w zalece\u0144 oraz doniesie\u0144 zjazdowych.<\/p>\r\n<p><strong>Prof. dr hab. n. med. Halina Sienkiewicz-Jarosz<\/strong> &#8211; neurolog, kierownik I Kliniki Neurologicznej Instytutu Psychiatrii i Neurologii w Warszawie, cz\u0142onek Zarz\u0105du Polskiego Towarzystwa Neurologicznego oraz Sekcji Padaczki PTN. Autorka ponad 100 publikacji oryginalnych i pogl\u0105dowych w czasopismach krajowych i zagranicznych oraz licznych doniesie\u0144 zjazdowych.<\/p>\r\n<p><strong>Dr n. farm. Przemys\u0142aw Talik<\/strong> &#8211; doktor nauk farmaceutycznych w zakresie chemii lek\u00f3w. Z Wydzia\u0142em Farmaceutycznym Uniwersytetu Jagiello\u0144skiego Collegium Medicum zwi\u0105zany od 1994 roku. Obecnie adiunkt w Zak\u0142adzie Chemii Analitycznej. Do\u015bwiadczony nauczyciel, autor wielu publikacji i doniesie\u0144 oraz prezentacji ustnych, na konferencjach krajowych, jak i zagranicznych.<\/p>\r\n<p><strong>Dr hab. n. med. Micha\u0142 Kukla<\/strong> &#8211; absolwent Wydzia\u0142u Lekarskiego \u015al\u0105skiego Uniwersytetu Medycznego w Katowicach. Gastroenterolog i hepatolog. Cz\u0142onek Polskiego Towarzystwa Hepatologicznego. Autor ponad 150 prac. Cz\u0142onek Zarz\u0105du G\u0142\u00f3wnego Polskiego Towarzystwa Hepatologicznego, cz\u0142onek Polskiego Towarzystwa Gastroenterologicznego.<\/p>\r\n<\/div>\r\n\r\n\r\n<div class=\"wp-block-column\">\r\n<h4><strong>Kurs pt. 1.25. <\/strong><br \/>Post\u0119py farmakoterapii <br \/>chor\u00f3b alergicznych<\/h4>\r\n<h6>\u00a0<\/h6>\r\n<h6>Kierownik:<\/h6>\r\n<p><strong>Dr n. med. Piotr Rapiejko<\/strong> z Kliniki Otolaryngologii i Onkologii Klinicznej z Klinicznym Oddzia\u0142em Chirurgii Czaszkowo-Szcz\u0119kowo-Twarzowej WIM w Warszawie. Prezes O\u015brodka Badania Alergen\u00f3w \u015arodowiskowych Sp. o.o., Cz\u0142onek Zarz\u0105du G\u0142\u00f3wnego Polskiego Towarzystwa Alergologicznego.<\/p>\r\n<h6>Wyk\u0142adowcy:<\/h6>\r\n<p><strong>Dr hab. n. med. Adam J. Sybilski<\/strong> &#8211; alergolog, specjalista pediatra, do\u015bwiadczony klinicysta. Od 26 lat lekarz dzieci, od 15 lat zajmuje si\u0119 alergologi\u0105. Od 2008 roku ordynator Kliniki Chor\u00f3b Dzieci\u0119cych i Noworodkowych z Centrum Alergologii i Dermatologii CSK MSWiA w Warszawie. Od wielu lat pracuje r\u00f3wnie\u017c w Poradni Alergologicznej SP CSK WUM oraz prowadzi zaj\u0119cia ze studentami WUM. Uznany wyk\u0142adowca, autor ponad 180 prac z dziedziny alergologii, pediatrii i dermatologii.<\/p>\r\n<p><strong>Prof. dr hab. n. med. Aleksandra Lesiak<\/strong> &#8211; specjalista dermatolog-wenerolog, specjalista dermatolog dzieci\u0119cy oraz lekarz specjalista dermatologii estetycznej. Pe\u0142ni funkcj\u0119 adiunkta w Klinice Dermatologii i Wenerologii Uniwersytetu Medycznego w \u0141odzi.<\/p>\r\n<\/div>\r\n<\/div>\r\n","protected":false},"excerpt":{"rendered":"<p>Kurs pt. 1.5.Post\u0119py farmakoterapii chor\u00f3b uk\u0142adu pokarmowego \u00a0 Kierownik: Prof. zw. dr hab. n. med. Wojciech Cichy &#8211; kierownik I Katedry Pediatrii i Kliniki Gastroenterologii Dzieci\u0119cej i Chor\u00f3b Metabolicznych Uniwersytetu Medycznego im. K. Marcinkowskiego w Poznaniu. Lekarz \u2013 specjalista w &hellip; <a href=\"https:\/\/akademiafarmaceuty.edu.pl\/2019\/wykladowcy\/\">Continued<\/a><\/p>\n","protected":false},"author":1,"featured_media":0,"parent":0,"menu_order":0,"comment_status":"closed","ping_status":"closed","template":"","meta":[],"_links":{"self":[{"href":"https:\/\/akademiafarmaceuty.edu.pl\/2019\/wp-json\/wp\/v2\/pages\/12"}],"collection":[{"href":"https:\/\/akademiafarmaceuty.edu.pl\/2019\/wp-json\/wp\/v2\/pages"}],"about":[{"href":"https:\/\/akademiafarmaceuty.edu.pl\/2019\/wp-json\/wp\/v2\/types\/page"}],"author":[{"embeddable":true,"href":"https:\/\/akademiafarmaceuty.edu.pl\/2019\/wp-json\/wp\/v2\/users\/1"}],"replies":[{"embeddable":true,"href":"https:\/\/akademiafarmaceuty.edu.pl\/2019\/wp-json\/wp\/v2\/comments?post=12"}],"version-history":[{"count":51,"href":"https:\/\/akademiafarmaceuty.edu.pl\/2019\/wp-json\/wp\/v2\/pages\/12\/revisions"}],"predecessor-version":[{"id":9330,"href":"https:\/\/akademiafarmaceuty.edu.pl\/2019\/wp-json\/wp\/v2\/pages\/12\/revisions\/9330"}],"wp:attachment":[{"href":"https:\/\/akademiafarmaceuty.edu.pl\/2019\/wp-json\/wp\/v2\/media?parent=12"}],"curies":[{"name":"wp","href":"https:\/\/api.w.org\/{rel}","templated":true}]}}

Wykładowcy

<div class="wp-container-1 wp-block-columns has-2-columns">
<div class="wp-block-column">
<h4><strong>Kurs pt. 1.5.</strong><br />Postępy farmakoterapii <br />chorób układu pokarmowego</h4>
<h6> </h6>
<h6>Kierownik:</h6>
<p><strong>Prof. zw. dr hab. n. med. Wojciech Cichy</strong> &#8211; kierownik I Katedry Pediatrii i Kliniki Gastroenterologii Dziecięcej i Chorób Metabolicznych Uniwersytetu Medycznego im. K. Marcinkowskiego w Poznaniu. Lekarz – specjalista w zakresie pediatrii, gastroenterologii i medycyny sportowej.</p>
<h6>Wykładowcy:</h6>
<p><strong>Prof. dr hab. n. med. Przemysław Bieńkowski</strong> &#8211; Lekarz psychofarmakolog, profesor w Katedrze i Klinice Psychiatrycznej Warszawskiego Uniwersytetu Medycznego oraz w Collegium Medicum Uniwersytetu Kardynała Stefana Wyszyńskiego. Od 2011 r. przewodniczy Radzie Naukowej Instytutu Psychiatrii i Neurologii w Warszawie. Członek Zarządu Głównego Polskiego Towarzystwa Psychiatrycznego w kadencji 2013-2016 i 2016-2019. Autor ponad 120 prac oryginalnych i poglądowych opublikowanych w czasopismach z IF poświęconych etiopatogenezie chorób psychicznych i neurologicznych oraz farmakologii leków psychotropowych, licznych rozdziałów książkowych, tekstów zaleceń oraz doniesień zjazdowych.</p>
<p><strong>Prof. dr hab. n. med. Halina Sienkiewicz-Jarosz</strong> &#8211; neurolog, kierownik I Kliniki Neurologicznej Instytutu Psychiatrii i Neurologii w Warszawie, członek Zarządu Polskiego Towarzystwa Neurologicznego oraz Sekcji Padaczki PTN. Autorka ponad 100 publikacji oryginalnych i poglądowych w czasopismach krajowych i zagranicznych oraz licznych doniesień zjazdowych.</p>
<p><strong>Dr n. farm. Przemysław Talik</strong> &#8211; doktor nauk farmaceutycznych w zakresie chemii leków. Z Wydziałem Farmaceutycznym Uniwersytetu Jagiellońskiego Collegium Medicum związany od 1994 roku. Obecnie adiunkt w Zakładzie Chemii Analitycznej. Doświadczony nauczyciel, autor wielu publikacji i doniesień oraz prezentacji ustnych, na konferencjach krajowych, jak i zagranicznych.</p>
<p><strong>Dr hab. n. med. Michał Kukla</strong> &#8211; absolwent Wydziału Lekarskiego Śląskiego Uniwersytetu Medycznego w Katowicach. Gastroenterolog i hepatolog. Członek Polskiego Towarzystwa Hepatologicznego. Autor ponad 150 prac. Członek Zarządu Głównego Polskiego Towarzystwa Hepatologicznego, członek Polskiego Towarzystwa Gastroenterologicznego.</p>
</div>


<div class="wp-block-column">
<h4><strong>Kurs pt. 1.25. </strong><br />Postępy farmakoterapii <br />chorób alergicznych</h4>
<h6> </h6>
<h6>Kierownik:</h6>
<p><strong>Dr n. med. Piotr Rapiejko</strong> z Kliniki Otolaryngologii i Onkologii Klinicznej z Klinicznym Oddziałem Chirurgii Czaszkowo-Szczękowo-Twarzowej WIM w Warszawie. Prezes Ośrodka Badania Alergenów Środowiskowych Sp. o.o., Członek Zarządu Głównego Polskiego Towarzystwa Alergologicznego.</p>
<h6>Wykładowcy:</h6>
<p><strong>Dr hab. n. med. Adam J. Sybilski</strong> &#8211; alergolog, specjalista pediatra, doświadczony klinicysta. Od 26 lat lekarz dzieci, od 15 lat zajmuje się alergologią. Od 2008 roku ordynator Kliniki Chorób Dziecięcych i Noworodkowych z Centrum Alergologii i Dermatologii CSK MSWiA w Warszawie. Od wielu lat pracuje również w Poradni Alergologicznej SP CSK WUM oraz prowadzi zajęcia ze studentami WUM. Uznany wykładowca, autor ponad 180 prac z dziedziny alergologii, pediatrii i dermatologii.</p>
<p><strong>Prof. dr hab. n. med. Aleksandra Lesiak</strong> &#8211; specjalista dermatolog-wenerolog, specjalista dermatolog dziecięcy oraz lekarz specjalista dermatologii estetycznej. Pełni funkcję adiunkta w Klinice Dermatologii i Wenerologii Uniwersytetu Medycznego w Łodzi.</p>
</div>
</div>

<p>Kurs pt. 1.5.Postępy farmakoterapii chorób układu pokarmowego   Kierownik: Prof. zw. dr hab. n. med. Wojciech Cichy &#8211; kierownik I Katedry Pediatrii i Kliniki Gastroenterologii Dziecięcej i Chorób Metabolicznych Uniwersytetu Medycznego im. K. Marcinkowskiego w Poznaniu. Lekarz – specjalista w &hellip; <a href="https://akademiafarmaceuty.edu.pl/2019/wykladowcy/">Continued</a></p>
