{"id":38,"date":"2016-02-19T16:55:58","date_gmt":"2016-02-19T15:55:58","guid":{"rendered":"https:\/\/akademiafarmaceuty.edu.pl\/?page_id=38"},"modified":"2019-06-11T11:55:51","modified_gmt":"2019-06-11T10:55:51","slug":"terminy-i-miejsca-kursow","status":"publish","type":"page","link":"https:\/\/akademiafarmaceuty.edu.pl\/2019\/terminy-i-miejsca-kursow\/","title":{"rendered":"Terminy kurs\u00f3w"},"content":{"rendered":"\r\n<div class=\"wp-container-3 wp-block-columns has-2-columns\">\r\n<div class=\"wp-container-1 wp-block-column\">\r\n<p style=\"text-align: center;\"><strong>EDYCJA WIOSENNA<\/strong><\/p>\r\n\r\n\r\n\r\n<p style=\"text-align: center;\"><strong><a href=\"https:\/\/akademiafarmaceuty.edu.pl\/2019\/wp-content\/uploads\/2019\/01\/F2019-zaproszenie_Krakow.pdf\" target=\"_blank\" rel=\"noopener\">10.03 (niedziela), KRAK\u00d3W [pobierz zaproszenie]<\/a><\/strong><br \/><strong><a href=\"https:\/\/akademiafarmaceuty.edu.pl\/2019\/wp-content\/uploads\/2019\/01\/F2019-zaproszenie_Rzeszow.pdf\" target=\"_blank\" rel=\"noopener\">17.03 (niedziela), RZESZ\u00d3W [pobierz zaproszenie]<\/a><\/strong><br \/><a href=\"https:\/\/akademiafarmaceuty.edu.pl\/2019\/wp-content\/uploads\/2019\/01\/F2019-zaproszenie_Gdansk.pdf\" target=\"_blank\" rel=\"noopener\"><strong>24.03 (niedziela), GDA\u0143SK [pobierz zaproszenie]<\/strong><\/a><br \/><strong><a href=\"https:\/\/akademiafarmaceuty.edu.pl\/2019\/wp-content\/uploads\/2019\/01\/F2019-zaproszenie_Lodz.pdf\" target=\"_blank\" rel=\"noopener\">31.03 (niedziela), \u0141\u00d3D\u0179 [pobierz zaproszenie]<\/a><\/strong><br \/><strong><a href=\"https:\/\/akademiafarmaceuty.edu.pl\/2019\/wp-content\/uploads\/2019\/02\/F2019-zaproszenie_Lublin.pdf\" target=\"_blank\" rel=\"noopener\">7.04 (niedziela), LUBLIN [pobierz zaproszenie]<\/a><\/strong><br \/><strong><a href=\"https:\/\/akademiafarmaceuty.edu.pl\/2019\/wp-content\/uploads\/2019\/02\/F2019-zaproszenie_Szczecin.pdf\" target=\"_blank\" rel=\"noopener\">18.05 (sobota), SZCZECIN [pobierz zaproszenie]<\/a><\/strong><br \/><strong><a href=\"https:\/\/akademiafarmaceuty.edu.pl\/2019\/wp-content\/uploads\/2019\/02\/F2019-zaproszenie_Warszawa.pdf\" target=\"_blank\" rel=\"noopener\">25.05 (sobota), WARSZAWA [pobierz zaproszenie]<\/a><\/strong><\/p>\r\n<\/div>\r\n\r\n\r\n\r\n<div class=\"wp-container-2 wp-block-column\">\r\n<p style=\"text-align: center;\"><strong>EDYCJA JESIENNA<\/strong><\/p>\r\n\r\n\r\n\r\n<p style=\"text-align: center;\"><strong><a href=\"https:\/\/akademiafarmaceuty.edu.pl\/2019\/wp-content\/uploads\/2019\/05\/F2019jesien-zaproszenie_Bialystok.pdf\" target=\"_blank\" rel=\"noopener\">7.09 (sobota), BIA\u0141YSTOK [pobierz zaproszenie]<\/a><\/strong><br \/><strong><a href=\"https:\/\/akademiafarmaceuty.edu.pl\/2019\/wp-content\/uploads\/2019\/05\/F2019jesien-zaproszenie_Kielce.pdf\" target=\"_blank\" rel=\"noopener\">15.09 (niedziela), KIELCE [pobierz zaproszenie]<\/a><\/strong><br \/><strong><a href=\"https:\/\/akademiafarmaceuty.edu.pl\/2019\/wp-content\/uploads\/2019\/05\/F2019jesien-zaproszenie_Torun.pdf\" target=\"_blank\" rel=\"noopener\">21.09 (sobota), TORU\u0143 [pobierz zaproszenie]<\/a><\/strong><br \/><strong><a href=\"https:\/\/akademiafarmaceuty.edu.pl\/2019\/wp-content\/uploads\/2019\/06\/F2019jesien-zaproszenie_Wroclaw.pdf\" target=\"_blank\" rel=\"noopener\">6.10 (niedziela), WROC\u0141AW [pobierz zaproszenie]<\/a><\/strong><br \/><strong><a href=\"https:\/\/akademiafarmaceuty.edu.pl\/2019\/wp-content\/uploads\/2019\/06\/F2019jesien-zaproszenie_Poznan.pdf\" target=\"_blank\" rel=\"noopener\">13.10 (niedziela), POZNA\u0143 [pobierz zaproszenie]<\/a><\/strong><br \/><strong><a href=\"https:\/\/akademiafarmaceuty.edu.pl\/2019\/wp-content\/uploads\/2019\/06\/F2019jesien-zaproszenie_Katowice.pdf\" target=\"_blank\" rel=\"noopener\">20.10 (niedziela), KATOWICE [pobierz zaproszenie]<\/a><\/strong><\/p>\r\n<\/div>\r\n<\/div>\r\n","protected":false},"excerpt":{"rendered":"<p>EDYCJA WIOSENNA 10.03 (niedziela), KRAK\u00d3W [pobierz zaproszenie]17.03 (niedziela), RZESZ\u00d3W [pobierz zaproszenie]24.03 (niedziela), GDA\u0143SK [pobierz zaproszenie]31.03 (niedziela), \u0141\u00d3D\u0179 [pobierz zaproszenie]7.04 (niedziela), LUBLIN [pobierz zaproszenie]18.05 (sobota), SZCZECIN [pobierz zaproszenie]25.05 (sobota), WARSZAWA [pobierz zaproszenie] EDYCJA JESIENNA 7.09 (sobota), BIA\u0141YSTOK [pobierz zaproszenie]15.09 (niedziela), KIELCE &hellip; <a href=\"https:\/\/akademiafarmaceuty.edu.pl\/2019\/terminy-i-miejsca-kursow\/\">Continued<\/a><\/p>\n","protected":false},"author":1,"featured_media":0,"parent":0,"menu_order":0,"comment_status":"closed","ping_status":"closed","template":"","meta":[],"_links":{"self":[{"href":"https:\/\/akademiafarmaceuty.edu.pl\/2019\/wp-json\/wp\/v2\/pages\/38"}],"collection":[{"href":"https:\/\/akademiafarmaceuty.edu.pl\/2019\/wp-json\/wp\/v2\/pages"}],"about":[{"href":"https:\/\/akademiafarmaceuty.edu.pl\/2019\/wp-json\/wp\/v2\/types\/page"}],"author":[{"embeddable":true,"href":"https:\/\/akademiafarmaceuty.edu.pl\/2019\/wp-json\/wp\/v2\/users\/1"}],"replies":[{"embeddable":true,"href":"https:\/\/akademiafarmaceuty.edu.pl\/2019\/wp-json\/wp\/v2\/comments?post=38"}],"version-history":[{"count":93,"href":"https:\/\/akademiafarmaceuty.edu.pl\/2019\/wp-json\/wp\/v2\/pages\/38\/revisions"}],"predecessor-version":[{"id":8893,"href":"https:\/\/akademiafarmaceuty.edu.pl\/2019\/wp-json\/wp\/v2\/pages\/38\/revisions\/8893"}],"wp:attachment":[{"href":"https:\/\/akademiafarmaceuty.edu.pl\/2019\/wp-json\/wp\/v2\/media?parent=38"}],"curies":[{"name":"wp","href":"https:\/\/api.w.org\/{rel}","templated":true}]}}

Terminy kursów

<div class="wp-container-3 wp-block-columns has-2-columns">
<div class="wp-container-1 wp-block-column">
<p style="text-align: center;"><strong>EDYCJA WIOSENNA</strong></p>



<p style="text-align: center;"><strong><a href="https://akademiafarmaceuty.edu.pl/2019/wp-content/uploads/2019/01/F2019-zaproszenie_Krakow.pdf" target="_blank" rel="noopener">10.03 (niedziela), KRAKÓW [pobierz zaproszenie]</a></strong><br /><strong><a href="https://akademiafarmaceuty.edu.pl/2019/wp-content/uploads/2019/01/F2019-zaproszenie_Rzeszow.pdf" target="_blank" rel="noopener">17.03 (niedziela), RZESZÓW [pobierz zaproszenie]</a></strong><br /><a href="https://akademiafarmaceuty.edu.pl/2019/wp-content/uploads/2019/01/F2019-zaproszenie_Gdansk.pdf" target="_blank" rel="noopener"><strong>24.03 (niedziela), GDAŃSK [pobierz zaproszenie]</strong></a><br /><strong><a href="https://akademiafarmaceuty.edu.pl/2019/wp-content/uploads/2019/01/F2019-zaproszenie_Lodz.pdf" target="_blank" rel="noopener">31.03 (niedziela), ŁÓDŹ [pobierz zaproszenie]</a></strong><br /><strong><a href="https://akademiafarmaceuty.edu.pl/2019/wp-content/uploads/2019/02/F2019-zaproszenie_Lublin.pdf" target="_blank" rel="noopener">7.04 (niedziela), LUBLIN [pobierz zaproszenie]</a></strong><br /><strong><a href="https://akademiafarmaceuty.edu.pl/2019/wp-content/uploads/2019/02/F2019-zaproszenie_Szczecin.pdf" target="_blank" rel="noopener">18.05 (sobota), SZCZECIN [pobierz zaproszenie]</a></strong><br /><strong><a href="https://akademiafarmaceuty.edu.pl/2019/wp-content/uploads/2019/02/F2019-zaproszenie_Warszawa.pdf" target="_blank" rel="noopener">25.05 (sobota), WARSZAWA [pobierz zaproszenie]</a></strong></p>
</div>



<div class="wp-container-2 wp-block-column">
<p style="text-align: center;"><strong>EDYCJA JESIENNA</strong></p>



<p style="text-align: center;"><strong><a href="https://akademiafarmaceuty.edu.pl/2019/wp-content/uploads/2019/05/F2019jesien-zaproszenie_Bialystok.pdf" target="_blank" rel="noopener">7.09 (sobota), BIAŁYSTOK [pobierz zaproszenie]</a></strong><br /><strong><a href="https://akademiafarmaceuty.edu.pl/2019/wp-content/uploads/2019/05/F2019jesien-zaproszenie_Kielce.pdf" target="_blank" rel="noopener">15.09 (niedziela), KIELCE [pobierz zaproszenie]</a></strong><br /><strong><a href="https://akademiafarmaceuty.edu.pl/2019/wp-content/uploads/2019/05/F2019jesien-zaproszenie_Torun.pdf" target="_blank" rel="noopener">21.09 (sobota), TORUŃ [pobierz zaproszenie]</a></strong><br /><strong><a href="https://akademiafarmaceuty.edu.pl/2019/wp-content/uploads/2019/06/F2019jesien-zaproszenie_Wroclaw.pdf" target="_blank" rel="noopener">6.10 (niedziela), WROCŁAW [pobierz zaproszenie]</a></strong><br /><strong><a href="https://akademiafarmaceuty.edu.pl/2019/wp-content/uploads/2019/06/F2019jesien-zaproszenie_Poznan.pdf" target="_blank" rel="noopener">13.10 (niedziela), POZNAŃ [pobierz zaproszenie]</a></strong><br /><strong><a href="https://akademiafarmaceuty.edu.pl/2019/wp-content/uploads/2019/06/F2019jesien-zaproszenie_Katowice.pdf" target="_blank" rel="noopener">20.10 (niedziela), KATOWICE [pobierz zaproszenie]</a></strong></p>
</div>
</div>

<p>EDYCJA WIOSENNA 10.03 (niedziela), KRAKÓW [pobierz zaproszenie]17.03 (niedziela), RZESZÓW [pobierz zaproszenie]24.03 (niedziela), GDAŃSK [pobierz zaproszenie]31.03 (niedziela), ŁÓDŹ [pobierz zaproszenie]7.04 (niedziela), LUBLIN [pobierz zaproszenie]18.05 (sobota), SZCZECIN [pobierz zaproszenie]25.05 (sobota), WARSZAWA [pobierz zaproszenie] EDYCJA JESIENNA 7.09 (sobota), BIAŁYSTOK [pobierz zaproszenie]15.09 (niedziela), KIELCE &hellip; <a href="https://akademiafarmaceuty.edu.pl/2019/terminy-i-miejsca-kursow/">Continued</a></p>
