{"id":105,"date":"2016-02-22T13:45:44","date_gmt":"2016-02-22T12:45:44","guid":{"rendered":"https:\/\/akademiafarmaceuty.edu.pl\/?page_id=105"},"modified":"2020-02-05T13:46:07","modified_gmt":"2020-02-05T12:46:07","slug":"program-ramowy","status":"publish","type":"page","link":"https:\/\/akademiafarmaceuty.edu.pl\/2020stacjonarne\/program-ramowy\/","title":{"rendered":"Program ramowy"},"content":{"rendered":"<p style=\"text-align: center;\"><em>Program ramowy \u2013 pomi\u0119dzy poszczeg\u00f3lnymi miastami mog\u0105 wyst\u0119powa\u0107 drobne r\u00f3\u017cnice.<br \/>\nSzczeg\u00f3\u0142owe programy s\u0105 publikowane\u00a0w tre\u015bci zaprosze\u0144.<\/em><\/p>\n<hr \/>\n<p style=\"text-align: center;\"><strong>08.00\u201309.00<\/strong> Rejestracja uczestnik\u00f3w<\/p>\n<p style=\"text-align: center;\"><span style=\"color: #00a57c;\"><b>Cz\u0119\u015b\u0107 I. Kurs na punkty \u201emi\u0119kkie\u201c \u2013 2 pkt.<\/b><\/span><\/p>\n<p style=\"text-align: center;\"><strong>09.00\u201309.45<\/strong> \u201eMIKROBIOTA JELITOWA\u201d \u2013 Probiotyki<\/p>\n<p style=\"text-align: center;\"><span style=\"color: #00a57c;\"><b>Cz\u0119\u015b\u0107 II. Kurs na punkty \u201etwarde\u201d \u2013 10 pkt.<br \/>\n1.12. Temat kursu: KOMUNIKACJA I INFORMACJA O LEKU W PRACY APTEKARZA \u2013\u00a0WYBRANE ASPEKTY TEORETYCZNE I PRAKTYCZNE<\/b><\/span><\/p>\n<p style=\"text-align: center;\"><strong>09.45\u201310.15<\/strong> WYK\u0141AD 1 \u2013 Podstawy komunikacji w aptece: poj\u0119cie i podstawowe prawa komunikacji<br \/>\n<em>Co to jest komunikacja? Rola komunikacji w pracy aptekarza, Komunikacja ustna i pisemna, werbalna i niewerbalna. Uk\u0142ad produkt\u00f3w w aptece na p\u00f3\u0142kach: gdzie stawiamy leki na recept\u0119, gdzie preparaty OTC<\/em><\/p>\n<p style=\"text-align: center;\"><strong>10.15\u201311.00<\/strong> WYK\u0141AD 2 \u2013 \u201eCo\u015b na uspokojenie, co\u015b na sen\u201d \u2013 scenariusze komunikacji zwrotnej<br \/>\n<em>Preparaty uspokajaj\u0105ce i u\u0142atwiaj\u0105ce zasypianie<\/em><\/p>\n<p style=\"text-align: center;\"><strong>11.00\u201311.15<\/strong> Przerwa kawowa<\/p>\n<p style=\"text-align: center;\"><strong>11.15\u201312.00<\/strong> WYK\u0141AD 3 \u2013 \u201eNic mi si\u0119 nie chce\u201d \u2013 analiza komunikatu pacjenta<\/p>\n<p style=\"text-align: center;\"><strong>12.00\u201313.35<\/strong> WYK\u0141AD 4 i 5 \u2013 Aktywne s\u0142uchanie, czyli zrozumienie pacjenta i jego potrzeb, komunikacja na linii lekarz-pacjent-aptekarz, komunikacja z r\u00f3\u017cnymi grupami pacjent\u00f3w<br \/>\n<em>Propozycje studium\/om\u00f3wienia przypadk\u00f3w do rozwi\u0105zania przez farmaceut\u0119: pacjent skar\u017c\u0105cy si\u0119 na choroby zwi\u0105zane z dysfunkcj\u0105 poszczeg\u00f3lnych odcink\u00f3w przewodu pokarmowego<\/em><\/p>\n<p style=\"text-align: center;\"><strong>13.35\u201314.05<\/strong> Przerwa lunchowa<\/p>\n<p style=\"text-align: center;\"><strong>14.05\u201315.40<\/strong> WYK\u0141AD 6 i 7 \u2013 Aktywne s\u0142uchanie, czyli zrozumienie pacjenta i jego potrzeb, komunikacja na linii lekarz-pacjent-aptekarz, komunikacja z r\u00f3\u017cnymi grupami pacjent\u00f3w (cd.)<br \/>\n<em>Propozycje studium\/om\u00f3wienia przypadk\u00f3w do rozwi\u0105zania: pacjent skar\u017c\u0105cy si\u0119 na choroby zwi\u0105zane z dysfunkcj\u0105 trawienia<\/em><\/p>\n<p style=\"text-align: center;\"><strong>15.40\u201316.25<\/strong> WYK\u0141AD 8 \u2013 Przekaz naukowej informacji o leku (metodologia, narz\u0119dzia u\u0142atwiaj\u0105ce przekaz, ocena dzia\u0142alno\u015bci informacyjnej) na przyk\u0142adzie pacjenta z objawami alergii<\/p>\n<p style=\"text-align: center;\"><strong>16.25\u201317.10<\/strong> WYK\u0141AD 9 \u2013 Opis r\u00f3\u017cnych przypadk\u00f3w pacjent\u00f3w z objawami alergii, infekcji g\u00f3rnych dr\u00f3g oddechowych do om\u00f3wienia i rozwi\u0105zania<\/p>\n<p style=\"text-align: center;\"><strong>17.10\u201318.00<\/strong> Test sprawdzaj\u0105cy wiedz\u0119<\/p>\n","protected":false},"excerpt":{"rendered":"<p>Program ramowy \u2013 pomi\u0119dzy poszczeg\u00f3lnymi miastami mog\u0105 wyst\u0119powa\u0107 drobne r\u00f3\u017cnice. Szczeg\u00f3\u0142owe programy s\u0105 publikowane\u00a0w tre\u015bci zaprosze\u0144. 08.00\u201309.00 Rejestracja uczestnik\u00f3w Cz\u0119\u015b\u0107 I. Kurs na punkty \u201emi\u0119kkie\u201c \u2013 2 pkt. 09.00\u201309.45 \u201eMIKROBIOTA JELITOWA\u201d \u2013 Probiotyki Cz\u0119\u015b\u0107 II. Kurs na punkty \u201etwarde\u201d \u2013 &hellip; <a href=\"https:\/\/akademiafarmaceuty.edu.pl\/2020stacjonarne\/program-ramowy\/\">Continued<\/a><\/p>\n","protected":false},"author":1,"featured_media":0,"parent":0,"menu_order":0,"comment_status":"closed","ping_status":"closed","template":"","meta":[],"_links":{"self":[{"href":"https:\/\/akademiafarmaceuty.edu.pl\/2020stacjonarne\/wp-json\/wp\/v2\/pages\/105"}],"collection":[{"href":"https:\/\/akademiafarmaceuty.edu.pl\/2020stacjonarne\/wp-json\/wp\/v2\/pages"}],"about":[{"href":"https:\/\/akademiafarmaceuty.edu.pl\/2020stacjonarne\/wp-json\/wp\/v2\/types\/page"}],"author":[{"embeddable":true,"href":"https:\/\/akademiafarmaceuty.edu.pl\/2020stacjonarne\/wp-json\/wp\/v2\/users\/1"}],"replies":[{"embeddable":true,"href":"https:\/\/akademiafarmaceuty.edu.pl\/2020stacjonarne\/wp-json\/wp\/v2\/comments?post=105"}],"version-history":[{"count":28,"href":"https:\/\/akademiafarmaceuty.edu.pl\/2020stacjonarne\/wp-json\/wp\/v2\/pages\/105\/revisions"}],"predecessor-version":[{"id":10406,"href":"https:\/\/akademiafarmaceuty.edu.pl\/2020stacjonarne\/wp-json\/wp\/v2\/pages\/105\/revisions\/10406"}],"wp:attachment":[{"href":"https:\/\/akademiafarmaceuty.edu.pl\/2020stacjonarne\/wp-json\/wp\/v2\/media?parent=105"}],"curies":[{"name":"wp","href":"https:\/\/api.w.org\/{rel}","templated":true}]}}

<p style="text-align: center;"><em>Program ramowy – pomiędzy poszczególnymi miastami mogą występować drobne różnice.<br />
Szczegółowe programy są publikowane w treści zaproszeń.</em></p>
<hr />
<p style="text-align: center;"><strong>08.00–09.00</strong> Rejestracja uczestników</p>
<p style="text-align: center;"><span style="color: #00a57c;"><b>Część I. Kurs na punkty „miękkie“ – 2 pkt.</b></span></p>
<p style="text-align: center;"><strong>09.00–09.45</strong> „MIKROBIOTA JELITOWA” – Probiotyki</p>
<p style="text-align: center;"><span style="color: #00a57c;"><b>Część II. Kurs na punkty „twarde” – 10 pkt.<br />
1.12. Temat kursu: KOMUNIKACJA I INFORMACJA O LEKU W PRACY APTEKARZA – WYBRANE ASPEKTY TEORETYCZNE I PRAKTYCZNE</b></span></p>
<p style="text-align: center;"><strong>09.45–10.15</strong> WYKŁAD 1 – Podstawy komunikacji w aptece: pojęcie i podstawowe prawa komunikacji<br />
<em>Co to jest komunikacja? Rola komunikacji w pracy aptekarza, Komunikacja ustna i pisemna, werbalna i niewerbalna. Układ produktów w aptece na półkach: gdzie stawiamy leki na receptę, gdzie preparaty OTC</em></p>
<p style="text-align: center;"><strong>10.15–11.00</strong> WYKŁAD 2 – „Coś na uspokojenie, coś na sen” – scenariusze komunikacji zwrotnej<br />
<em>Preparaty uspokajające i ułatwiające zasypianie</em></p>
<p style="text-align: center;"><strong>11.00–11.15</strong> Przerwa kawowa</p>
<p style="text-align: center;"><strong>11.15–12.00</strong> WYKŁAD 3 – „Nic mi się nie chce” – analiza komunikatu pacjenta</p>
<p style="text-align: center;"><strong>12.00–13.35</strong> WYKŁAD 4 i 5 – Aktywne słuchanie, czyli zrozumienie pacjenta i jego potrzeb, komunikacja na linii lekarz-pacjent-aptekarz, komunikacja z różnymi grupami pacjentów<br />
<em>Propozycje studium/omówienia przypadków do rozwiązania przez farmaceutę: pacjent skarżący się na choroby związane z dysfunkcją poszczególnych odcinków przewodu pokarmowego</em></p>
<p style="text-align: center;"><strong>13.35–14.05</strong> Przerwa lunchowa</p>
<p style="text-align: center;"><strong>14.05–15.40</strong> WYKŁAD 6 i 7 – Aktywne słuchanie, czyli zrozumienie pacjenta i jego potrzeb, komunikacja na linii lekarz-pacjent-aptekarz, komunikacja z różnymi grupami pacjentów (cd.)<br />
<em>Propozycje studium/omówienia przypadków do rozwiązania: pacjent skarżący się na choroby związane z dysfunkcją trawienia</em></p>
<p style="text-align: center;"><strong>15.40–16.25</strong> WYKŁAD 8 – Przekaz naukowej informacji o leku (metodologia, narzędzia ułatwiające przekaz, ocena działalności informacyjnej) na przykładzie pacjenta z objawami alergii</p>
<p style="text-align: center;"><strong>16.25–17.10</strong> WYKŁAD 9 – Opis różnych przypadków pacjentów z objawami alergii, infekcji górnych dróg oddechowych do omówienia i rozwiązania</p>
<p style="text-align: center;"><strong>17.10–18.00</strong> Test sprawdzający wiedzę</p>

<p>Program ramowy – pomiędzy poszczególnymi miastami mogą występować drobne różnice. Szczegółowe programy są publikowane w treści zaproszeń. 08.00–09.00 Rejestracja uczestników Część I. Kurs na punkty „miękkie“ – 2 pkt. 09.00–09.45 „MIKROBIOTA JELITOWA” – Probiotyki Część II. Kurs na punkty „twarde” – &hellip; <a href="https://akademiafarmaceuty.edu.pl/2020stacjonarne/program-ramowy/">Continued</a></p>
