{"id":12,"date":"2016-02-19T16:33:43","date_gmt":"2016-02-19T15:33:43","guid":{"rendered":"https:\/\/akademiafarmaceuty.edu.pl\/?page_id=12"},"modified":"2020-05-13T09:37:57","modified_gmt":"2020-05-13T08:37:57","slug":"wykladowcy","status":"publish","type":"page","link":"https:\/\/akademiafarmaceuty.edu.pl\/2020stacjonarne\/wykladowcy\/","title":{"rendered":"Wyk\u0142adowcy"},"content":{"rendered":"<h5 style=\"text-align: center;\">Kierownik kursu<\/h5>\n<p style=\"text-align: center;\"><strong>Dr n. med. Piotr Rapiejko<\/strong>\u00a0z Kliniki Otolaryngologii i Onkologii Klinicznej z Klinicznym Oddzia\u0142em Chirurgii Czaszkowo-Szcz\u0119kowo-Twarzowej WIM w Warszawie. Prezes O\u015brodka Badania Alergen\u00f3w \u015arodowiskowych Sp. z o.o., Cz\u0142onek Zarz\u0105du G\u0142\u00f3wnego Polskiego Towarzystwa Alergologicznego.<\/p>\n<h5 style=\"text-align: center;\">Wyk\u0142adowcy<\/h5>\n<p style=\"text-align: center;\"><strong>Prof. zw. dr hab. n. med. Wojciech Cichy<\/strong> &#8211; em. Kierownik I Katedry Pediatrii i Kliniki Gastroenterologii Dzieci\u0119cej i Chor\u00f3b Metabolicznych Uniwersytetu Medycznego im. K. Marcinkowskiego w Poznaniu. Lekarz-specjalista w zakresie pediatrii, gastroenterologii i medycyny sportowej.<\/p>\n<p style=\"text-align: center;\"><strong>Prof. dr hab. n. med. Przemys\u0142aw Bie\u0144kowski<\/strong> jest lekarzem psychofarmakologiem. Pracuje w Katedrze i Klinice Psychiatrycznej Warszawskiego Uniwersytetu Medycznego. Od 2011 r., przewodniczy Radzie Naukowej Instytutu Psychiatrii i Neurologii w Warszawie. Jest autorem lub wsp\u00f3\u0142autorem ponad 120 prac oryginalnych i pogl\u0105dowych w czasopismach posiadaj\u0105cych wsp\u00f3\u0142czynnik IF, licznych rozdzia\u0142\u00f3w ksi\u0105\u017ckowych i doniesie\u0144 zjazdowych. Jego zainteresowania badawcze obejmuj\u0105 etiopatogenez\u0119 zaburze\u0144 psychicznych oraz mechanizmy dzia\u0142ania nowych lek\u00f3w psychotropowych.<\/p>\n<p style=\"text-align: center;\"><strong>Prof. dr n. med. Halina Cicho\u017c-Lach<\/strong> &#8211; konsultant wojew\u00f3dzki w dziedzinie gastroenterologii, przewodnicz\u0105ca Rady Spo\u0142ecznej Uniwersyteckiego Szpitala Dzieci\u0119cego w Lublinie, cz\u0142onkini Zarz\u0105du Polskiego Towarzystwa Gastroenterologii jako przewodnicz\u0105ca Komisji Rewizyjnej, cz\u0142onkini Pa\u0144stwowej Komisji Egzaminacyjnej czynnie uczestnicz\u0105ca w przeprowadzaniu pa\u0144stwowego egzaminu specjalizacyjnego z gastroenterologii. Opiekunka Studenckiego Towarzystwa Naukowego w Uniwersytecie Medycznym w Lublinie.<\/p>\n<p style=\"text-align: center;\"><strong>Dr hab. n. med. Micha\u0142 Kukla<\/strong>\u00a0jest absolwentem Wydzia\u0142u Lekarskiego w Zabrzu \u015al\u0105skiej Akademii Medycznej w Katowicach (obecnie \u015al\u0105ski Uniwersytet Medyczny w Katowicach). W pa\u017adzierniku 2019 roku obj\u0105\u0142 stanowisko kierownika Zak\u0142adu Endoskopii zlokalizowanego w Nowej Siedzibie Szpitala Uniwersyteckiego w Krakowie. Od pocz\u0105tku kariery zawodowej kontynuowa\u0142 tak\u017ce prac\u0119 naukow\u0105. Jest autorem lub wsp\u00f3\u0142autorem ponad 150 artyku\u0142\u00f3w publikowanych w recenzowanych czasopismach zagranicznych i polskich, ksi\u0105\u017cki, kilkunastu rozdzia\u0142\u00f3w w ksi\u0105\u017cakch zagranicznych i polskich oraz licznych doniesie\u0144 zjazdowych. Od 2016 roku jest cz\u0142onkiem Zarz\u0105du G\u0142\u00f3wnego Polskiego Towarzystwa Hepatologicznego.<\/p>\n<p style=\"text-align: center;\"><strong>Dr hab. n. med. Halina Sienkiewicz-Jarosz<\/strong> &#8211; Ordynator I Kliniki Neurologicznej Instytutu Psychiatrii i Neurologii w Warszawie. Autorka ponad 50 publikacji oryginalnych i pogl\u0105dowych w czasopismach krajowych i zagranicznych. \u0141\u0105czny wsp\u00f3\u0142czynnik IF dla w\/w publikacji wynosi ponad 70.<\/p>\n<p style=\"text-align: center;\"><strong>Dr n. med. Natalia Kobelska-Dubiel<\/strong> &#8211; adiunkt w Klinice Gastroenterologii Dzieci\u0119cej i Chor\u00f3b Metabolicznych Uniwersytetu Medycznego im. Karola Marcinkowskiego w Poznaniu. Specjalista pediatrii. W 2011 r. rozpocz\u0119\u0142a szkolenie specjalizacyjne w alergologii.<\/p>\n<p style=\"text-align: center;\"><strong>Dr n. farm. Przemys\u0142aw Talik<\/strong> &#8211; doktor nauk farmaceutycznych w zakresie chemii lek\u00f3w. Z Wydzia\u0142em Farmaceutycznym Uniwersytetu Jagiello\u0144skiego Collegium Medicum zwi\u0105zany od 1994 roku. Obecnie adiunkt w Zak\u0142adzie Chemii Analitycznej. Do\u015bwiadczony nauczyciel, autor wielu publikacji i doniesie\u0144 oraz prezentacji ustnych na konferencjach krajowych jak i zagranicznych.<\/p>\n<p style=\"text-align: center;\"><strong>Agata Stremecka<\/strong> &#8211; mened\u017cerka z 20-letnim do\u015bwiadczeniem w PR i marketingu, prezes organizacji pozarz\u0105dowej. Autorka szkole\u0144 w zakresie wsp\u00f3\u0142pracy z mediami. Wyk\u0142ada\u0142a techniki promocji i komunikacji w Wy\u017cszej Szkole Europejskiej w Krakowie. Prowadzi\u0142a szkolenia komunikacyjne w najwi\u0119kszym unijnym projekcie senioralnym w Polsce. Doradza\u0142a firmom z obszaru ochrony zdrowia w zakresie promocji i komunikacji.<\/p>\n<p style=\"text-align: center;\"><strong>Ewa Tobiasz<\/strong> \u2013 trener, coach, szkoleniowiec z\u00a0do\u015bwiadczeniem na rynku farmaceutycznym oraz medycznym. Posiada szerokie kompetencje ds. sprzeda\u017cowych, zarz\u0105dzania projektami w bran\u017cy farmaceutyczno-medycznej.<\/p>\n","protected":false},"excerpt":{"rendered":"<p>Kierownik kursu Dr n. med. Piotr Rapiejko\u00a0z Kliniki Otolaryngologii i Onkologii Klinicznej z Klinicznym Oddzia\u0142em Chirurgii Czaszkowo-Szcz\u0119kowo-Twarzowej WIM w Warszawie. Prezes O\u015brodka Badania Alergen\u00f3w \u015arodowiskowych Sp. z o.o., Cz\u0142onek Zarz\u0105du G\u0142\u00f3wnego Polskiego Towarzystwa Alergologicznego. Wyk\u0142adowcy Prof. zw. dr hab. n. &hellip; <a href=\"https:\/\/akademiafarmaceuty.edu.pl\/2020stacjonarne\/wykladowcy\/\">Continued<\/a><\/p>\n","protected":false},"author":1,"featured_media":0,"parent":0,"menu_order":0,"comment_status":"closed","ping_status":"closed","template":"","meta":[],"_links":{"self":[{"href":"https:\/\/akademiafarmaceuty.edu.pl\/2020stacjonarne\/wp-json\/wp\/v2\/pages\/12"}],"collection":[{"href":"https:\/\/akademiafarmaceuty.edu.pl\/2020stacjonarne\/wp-json\/wp\/v2\/pages"}],"about":[{"href":"https:\/\/akademiafarmaceuty.edu.pl\/2020stacjonarne\/wp-json\/wp\/v2\/types\/page"}],"author":[{"embeddable":true,"href":"https:\/\/akademiafarmaceuty.edu.pl\/2020stacjonarne\/wp-json\/wp\/v2\/users\/1"}],"replies":[{"embeddable":true,"href":"https:\/\/akademiafarmaceuty.edu.pl\/2020stacjonarne\/wp-json\/wp\/v2\/comments?post=12"}],"version-history":[{"count":58,"href":"https:\/\/akademiafarmaceuty.edu.pl\/2020stacjonarne\/wp-json\/wp\/v2\/pages\/12\/revisions"}],"predecessor-version":[{"id":11022,"href":"https:\/\/akademiafarmaceuty.edu.pl\/2020stacjonarne\/wp-json\/wp\/v2\/pages\/12\/revisions\/11022"}],"wp:attachment":[{"href":"https:\/\/akademiafarmaceuty.edu.pl\/2020stacjonarne\/wp-json\/wp\/v2\/media?parent=12"}],"curies":[{"name":"wp","href":"https:\/\/api.w.org\/{rel}","templated":true}]}}

Wykładowcy

<h5 style="text-align: center;">Kierownik kursu</h5>
<p style="text-align: center;"><strong>Dr n. med. Piotr Rapiejko</strong> z Kliniki Otolaryngologii i Onkologii Klinicznej z Klinicznym Oddziałem Chirurgii Czaszkowo-Szczękowo-Twarzowej WIM w Warszawie. Prezes Ośrodka Badania Alergenów Środowiskowych Sp. z o.o., Członek Zarządu Głównego Polskiego Towarzystwa Alergologicznego.</p>
<h5 style="text-align: center;">Wykładowcy</h5>
<p style="text-align: center;"><strong>Prof. zw. dr hab. n. med. Wojciech Cichy</strong> &#8211; em. Kierownik I Katedry Pediatrii i Kliniki Gastroenterologii Dziecięcej i Chorób Metabolicznych Uniwersytetu Medycznego im. K. Marcinkowskiego w Poznaniu. Lekarz-specjalista w zakresie pediatrii, gastroenterologii i medycyny sportowej.</p>
<p style="text-align: center;"><strong>Prof. dr hab. n. med. Przemysław Bieńkowski</strong> jest lekarzem psychofarmakologiem. Pracuje w Katedrze i Klinice Psychiatrycznej Warszawskiego Uniwersytetu Medycznego. Od 2011 r., przewodniczy Radzie Naukowej Instytutu Psychiatrii i Neurologii w Warszawie. Jest autorem lub współautorem ponad 120 prac oryginalnych i poglądowych w czasopismach posiadających współczynnik IF, licznych rozdziałów książkowych i doniesień zjazdowych. Jego zainteresowania badawcze obejmują etiopatogenezę zaburzeń psychicznych oraz mechanizmy działania nowych leków psychotropowych.</p>
<p style="text-align: center;"><strong>Prof. dr n. med. Halina Cichoż-Lach</strong> &#8211; konsultant wojewódzki w dziedzinie gastroenterologii, przewodnicząca Rady Społecznej Uniwersyteckiego Szpitala Dziecięcego w Lublinie, członkini Zarządu Polskiego Towarzystwa Gastroenterologii jako przewodnicząca Komisji Rewizyjnej, członkini Państwowej Komisji Egzaminacyjnej czynnie uczestnicząca w przeprowadzaniu państwowego egzaminu specjalizacyjnego z gastroenterologii. Opiekunka Studenckiego Towarzystwa Naukowego w Uniwersytecie Medycznym w Lublinie.</p>
<p style="text-align: center;"><strong>Dr hab. n. med. Michał Kukla</strong> jest absolwentem Wydziału Lekarskiego w Zabrzu Śląskiej Akademii Medycznej w Katowicach (obecnie Śląski Uniwersytet Medyczny w Katowicach). W październiku 2019 roku objął stanowisko kierownika Zakładu Endoskopii zlokalizowanego w Nowej Siedzibie Szpitala Uniwersyteckiego w Krakowie. Od początku kariery zawodowej kontynuował także pracę naukową. Jest autorem lub współautorem ponad 150 artykułów publikowanych w recenzowanych czasopismach zagranicznych i polskich, książki, kilkunastu rozdziałów w książakch zagranicznych i polskich oraz licznych doniesień zjazdowych. Od 2016 roku jest członkiem Zarządu Głównego Polskiego Towarzystwa Hepatologicznego.</p>
<p style="text-align: center;"><strong>Dr hab. n. med. Halina Sienkiewicz-Jarosz</strong> &#8211; Ordynator I Kliniki Neurologicznej Instytutu Psychiatrii i Neurologii w Warszawie. Autorka ponad 50 publikacji oryginalnych i poglądowych w czasopismach krajowych i zagranicznych. Łączny współczynnik IF dla w/w publikacji wynosi ponad 70.</p>
<p style="text-align: center;"><strong>Dr n. med. Natalia Kobelska-Dubiel</strong> &#8211; adiunkt w Klinice Gastroenterologii Dziecięcej i Chorób Metabolicznych Uniwersytetu Medycznego im. Karola Marcinkowskiego w Poznaniu. Specjalista pediatrii. W 2011 r. rozpoczęła szkolenie specjalizacyjne w alergologii.</p>
<p style="text-align: center;"><strong>Dr n. farm. Przemysław Talik</strong> &#8211; doktor nauk farmaceutycznych w zakresie chemii leków. Z Wydziałem Farmaceutycznym Uniwersytetu Jagiellońskiego Collegium Medicum związany od 1994 roku. Obecnie adiunkt w Zakładzie Chemii Analitycznej. Doświadczony nauczyciel, autor wielu publikacji i doniesień oraz prezentacji ustnych na konferencjach krajowych jak i zagranicznych.</p>
<p style="text-align: center;"><strong>Agata Stremecka</strong> &#8211; menedżerka z 20-letnim doświadczeniem w PR i marketingu, prezes organizacji pozarządowej. Autorka szkoleń w zakresie współpracy z mediami. Wykładała techniki promocji i komunikacji w Wyższej Szkole Europejskiej w Krakowie. Prowadziła szkolenia komunikacyjne w największym unijnym projekcie senioralnym w Polsce. Doradzała firmom z obszaru ochrony zdrowia w zakresie promocji i komunikacji.</p>
<p style="text-align: center;"><strong>Ewa Tobiasz</strong> – trener, coach, szkoleniowiec z doświadczeniem na rynku farmaceutycznym oraz medycznym. Posiada szerokie kompetencje ds. sprzedażowych, zarządzania projektami w branży farmaceutyczno-medycznej.</p>

<p>Kierownik kursu Dr n. med. Piotr Rapiejko z Kliniki Otolaryngologii i Onkologii Klinicznej z Klinicznym Oddziałem Chirurgii Czaszkowo-Szczękowo-Twarzowej WIM w Warszawie. Prezes Ośrodka Badania Alergenów Środowiskowych Sp. z o.o., Członek Zarządu Głównego Polskiego Towarzystwa Alergologicznego. Wykładowcy Prof. zw. dr hab. n. &hellip; <a href="https://akademiafarmaceuty.edu.pl/2020stacjonarne/wykladowcy/">Continued</a></p>
